{"id":636,"date":"2023-05-30T10:41:39","date_gmt":"2023-05-30T08:41:39","guid":{"rendered":"https:\/\/digital.hfh.ch\/lp21stakeholderjourney\/?post_type=back-matter&#038;p=636"},"modified":"2025-08-22T10:15:01","modified_gmt":"2025-08-22T08:15:01","slug":"literatur","status":"publish","type":"back-matter","link":"https:\/\/digital.hfh.ch\/lp21stakeholderjourney\/back-matter\/literatur\/","title":{"raw":"Literatur","rendered":"Literatur"},"content":{"raw":"<p class=\"hanging-indent\">Bildungsdirektion Kanton Z\u00fcrich, Volksschulamt (o. J). <em>Kompetenzorientiert beurteilen<\/em>. Z\u00fcrich: Lehrmittelverlag des Kantons Z\u00fcrich. <a href=\"https:\/\/edudoc.ch\/record\/129068\/files\/broschuere_kompetenzorientiert_beurteilen_webversion.pdf\" target=\"_blank\" rel=\"noopener\">https:\/\/edudoc.ch\/record\/129068\/files\/broschuere_kompetenzorientiert_beurteilen_webversion.pdf<\/a><\/p>\r\n<p class=\"hanging-indent\">B\u00fchler, A. &amp; Dietrich, A. (2020). <em>Impulse f\u00fcr inklusiven Unterricht: Didaktisches Modell f\u00fcr die Reflexion, Planung und Gestaltung von inklusivem Unterricht mit speziellem Fokus auf die Lernsituation von Lernenden mit kognitiver Beeintr\u00e4chtigung.<\/em> (Fassung 2020) [E-Book]. Interkantonale Hochschule f\u00fcr Heilp\u00e4dagogik. <a href=\"https:\/\/www.hfh.ch\/shop\/produkt\/impulse-fuer-inklusiven-unterricht-digital\" target=\"_blank\" rel=\"noopener\">https:\/\/www.hfh.ch\/shop\/produkt\/impulse-fuer-inklusiven-unterricht-digital<\/a><\/p>\r\n<p class=\"hanging-indent\">Deutschschweizer Volksschul\u00e4mterkonferenz (DVK) (Hrsg.) (2019). <em>Anwendung des Lehrplans 21 f\u00fcr Sch\u00fclerinnen und Sch\u00fcler mit komplexen Behinderungen in Sonder- und Regelschulen. <\/em><a href=\"https:\/\/edudoc.ch\/record\/204678\">https:\/\/edudoc.ch\/record\/204678<\/a><\/p>\r\n<p class=\"hanging-indent\">Hollenweger, J. (2018). Gemeinsam Lerngelegenheiten schaffen, statt hier unterrichten und dort f\u00f6rdern: Skizzierung eines Vorgehens zur gemeinsamen Planung in inklusiven Settings. <em>Schweizerische Zeitschrift f\u00fcr Heilp\u00e4dagogik<\/em> (SZH), 24 (2). <a href=\"https:\/\/ojs.szh.ch\/zeitschrift\/article\/view\/702\" target=\"_blank\" rel=\"noopener\">https:\/\/ojs.szh.ch\/zeitschrift\/article\/view\/702<\/a><\/p>\r\n<p class=\"hanging-indent\">Hollenweger, J. (2020). Bef\u00e4higung\" als Bildungsziel im Deutschschweizer Lehrplan 21. <em>Lernen konkret. Bildung im F\u00f6rderschwerpunkt geistige Entwicklung<\/em>. 2. Braunschweig: Westermann.<\/p>\r\n<p class=\"hanging-indent\">Hollenweger, J. &amp; B\u00fchler, A. (2020). Kompetenzorientierte Lehrpl\u00e4ne: Gemeinsame Grundlage f\u00fcr inklusive Bildung. <em>Lernen konkret<\/em>. Bildung im F\u00f6rderschwerpunkt geistige Entwicklung. 3. Braunschweig: Westermann.<\/p>\r\n<p class=\"hanging-indent\">Hollenweger, J. &amp; B\u00fchler, A. (2021a). F\u00f6rderdiagnostik im Kontext des Lehrplans 21. In <em>Schweizerische Zeitschrift f\u00fcr Heilp\u00e4dagogik<\/em> (SZH), 27 (7-8).<em>\u00a0<a href=\"http:\/\/www.szh-csps.ch\/z2021-07-01\">www.szh-csps.ch\/z2021-07-01<\/a><\/em><\/p>\r\n<p class=\"hanging-indent\">Hollenweger, J. &amp; B\u00fchler, A. (2021b). <em>Die Anwendung des Lehrplans 21 bei komplexer Behinderung: Aufbau von Grundlagenkenntnissen mit Vertiefungsm\u00f6glichkeiten.<\/em> Online-Lerneinheit.\u00a0[Online-Ressource].\u00a0Interkantonale Hochschule f\u00fcr Heilp\u00e4dagogik (HfH), P\u00e4dagogische Hochschule Z\u00fcrich (PHZH), Volksschulamt Z\u00fcrich (VSA).\u00a0<a href=\"https:\/\/digital.hfh.ch\/lp21komplexebehinderung\/\" target=\"_blank\" rel=\"noopener\">https:\/\/digital.hfh.ch\/lp21komplexebehinderung\/<\/a><\/p>\r\n<p class=\"hanging-indent\">Hollenweger, J. &amp; B\u00fchler, A. (2022). <em>Landkarte \"Bef\u00e4higungsorientierter F\u00f6rderzyklus\": Implementierung des Lehrplans 21 im Kontext komplexer Behinderungen<\/em> (p. 8). Z\u00fcrich: PHZH, HfH. <a href=\"https:\/\/doi.org\/10.5281\/zenodo.6992650\">https:\/\/doi.org\/10.5281\/zenodo.6992650<\/a><\/p>","rendered":"<p class=\"hanging-indent\">Bildungsdirektion Kanton Z\u00fcrich, Volksschulamt (o. J). <em>Kompetenzorientiert beurteilen<\/em>. Z\u00fcrich: Lehrmittelverlag des Kantons Z\u00fcrich. <a href=\"https:\/\/edudoc.ch\/record\/129068\/files\/broschuere_kompetenzorientiert_beurteilen_webversion.pdf\" target=\"_blank\" rel=\"noopener\">https:\/\/edudoc.ch\/record\/129068\/files\/broschuere_kompetenzorientiert_beurteilen_webversion.pdf<\/a><\/p>\n<p class=\"hanging-indent\">B\u00fchler, A. &amp; Dietrich, A. (2020). <em>Impulse f\u00fcr inklusiven Unterricht: Didaktisches Modell f\u00fcr die Reflexion, Planung und Gestaltung von inklusivem Unterricht mit speziellem Fokus auf die Lernsituation von Lernenden mit kognitiver Beeintr\u00e4chtigung.<\/em> (Fassung 2020) [E-Book]. Interkantonale Hochschule f\u00fcr Heilp\u00e4dagogik. <a href=\"https:\/\/www.hfh.ch\/shop\/produkt\/impulse-fuer-inklusiven-unterricht-digital\" target=\"_blank\" rel=\"noopener\">https:\/\/www.hfh.ch\/shop\/produkt\/impulse-fuer-inklusiven-unterricht-digital<\/a><\/p>\n<p class=\"hanging-indent\">Deutschschweizer Volksschul\u00e4mterkonferenz (DVK) (Hrsg.) (2019). <em>Anwendung des Lehrplans 21 f\u00fcr Sch\u00fclerinnen und Sch\u00fcler mit komplexen Behinderungen in Sonder- und Regelschulen. <\/em><a href=\"https:\/\/edudoc.ch\/record\/204678\">https:\/\/edudoc.ch\/record\/204678<\/a><\/p>\n<p class=\"hanging-indent\">Hollenweger, J. (2018). Gemeinsam Lerngelegenheiten schaffen, statt hier unterrichten und dort f\u00f6rdern: Skizzierung eines Vorgehens zur gemeinsamen Planung in inklusiven Settings. <em>Schweizerische Zeitschrift f\u00fcr Heilp\u00e4dagogik<\/em> (SZH), 24 (2). <a href=\"https:\/\/ojs.szh.ch\/zeitschrift\/article\/view\/702\" target=\"_blank\" rel=\"noopener\">https:\/\/ojs.szh.ch\/zeitschrift\/article\/view\/702<\/a><\/p>\n<p class=\"hanging-indent\">Hollenweger, J. (2020). Bef\u00e4higung&#8220; als Bildungsziel im Deutschschweizer Lehrplan 21. <em>Lernen konkret. Bildung im F\u00f6rderschwerpunkt geistige Entwicklung<\/em>. 2. Braunschweig: Westermann.<\/p>\n<p class=\"hanging-indent\">Hollenweger, J. &amp; B\u00fchler, A. (2020). Kompetenzorientierte Lehrpl\u00e4ne: Gemeinsame Grundlage f\u00fcr inklusive Bildung. <em>Lernen konkret<\/em>. Bildung im F\u00f6rderschwerpunkt geistige Entwicklung. 3. Braunschweig: Westermann.<\/p>\n<p class=\"hanging-indent\">Hollenweger, J. &amp; B\u00fchler, A. (2021a). F\u00f6rderdiagnostik im Kontext des Lehrplans 21. In <em>Schweizerische Zeitschrift f\u00fcr Heilp\u00e4dagogik<\/em> (SZH), 27 (7-8).<em>\u00a0<a href=\"http:\/\/www.szh-csps.ch\/z2021-07-01\">www.szh-csps.ch\/z2021-07-01<\/a><\/em><\/p>\n<p class=\"hanging-indent\">Hollenweger, J. &amp; B\u00fchler, A. (2021b). <em>Die Anwendung des Lehrplans 21 bei komplexer Behinderung: Aufbau von Grundlagenkenntnissen mit Vertiefungsm\u00f6glichkeiten.<\/em> Online-Lerneinheit.\u00a0[Online-Ressource].\u00a0Interkantonale Hochschule f\u00fcr Heilp\u00e4dagogik (HfH), P\u00e4dagogische Hochschule Z\u00fcrich (PHZH), Volksschulamt Z\u00fcrich (VSA).\u00a0<a href=\"https:\/\/digital.hfh.ch\/lp21komplexebehinderung\/\" target=\"_blank\" rel=\"noopener\">https:\/\/digital.hfh.ch\/lp21komplexebehinderung\/<\/a><\/p>\n<p class=\"hanging-indent\">Hollenweger, J. &amp; B\u00fchler, A. (2022). <em>Landkarte &#8222;Bef\u00e4higungsorientierter F\u00f6rderzyklus&#8220;: Implementierung des Lehrplans 21 im Kontext komplexer Behinderungen<\/em> (p. 8). Z\u00fcrich: PHZH, HfH. <a href=\"https:\/\/doi.org\/10.5281\/zenodo.6992650\">https:\/\/doi.org\/10.5281\/zenodo.6992650<\/a><\/p>\n","protected":false},"excerpt":{"rendered":"<p>Bildungsdirektion Kanton Z\u00fcrich, Volksschulamt (o. J). Kompetenzorientiert beurteilen. Z\u00fcrich: Lehrmittelverlag des Kantons Z\u00fcrich. https:\/\/edudoc.ch\/record\/129068\/files\/broschuere_kompetenzorientiert_beurteilen_webversion.pdf B\u00fchler, A. &amp; Dietrich, A. (2020). Impulse f\u00fcr inklusiven Unterricht: Didaktisches Modell f\u00fcr die Reflexion, Planung und Gestaltung von inklusivem Unterricht mit speziellem Fokus auf die Lernsituation von Lernenden mit kognitiver Beeintr\u00e4chtigung. (Fassung 2020) [E-Book]. Interkantonale Hochschule f\u00fcr Heilp\u00e4dagogik. https:\/\/www.hfh.ch\/shop\/produkt\/impulse-fuer-inklusiven-unterricht-digital Deutschschweizer [&hellip;]<\/p>\n","protected":false},"author":1456,"menu_order":1,"template":"","meta":{"pb_show_title":"on","pb_short_title":"","pb_subtitle":"","pb_authors":[],"pb_section_license":""},"back-matter-type":[],"contributor":[],"license":[],"class_list":["post-636","back-matter","type-back-matter","status-publish","hentry"],"_links":{"self":[{"href":"https:\/\/digital.hfh.ch\/lp21stakeholderjourney\/wp-json\/pressbooks\/v2\/back-matter\/636","targetHints":{"allow":["GET"]}}],"collection":[{"href":"https:\/\/digital.hfh.ch\/lp21stakeholderjourney\/wp-json\/pressbooks\/v2\/back-matter"}],"about":[{"href":"https:\/\/digital.hfh.ch\/lp21stakeholderjourney\/wp-json\/wp\/v2\/types\/back-matter"}],"author":[{"embeddable":true,"href":"https:\/\/digital.hfh.ch\/lp21stakeholderjourney\/wp-json\/wp\/v2\/users\/1456"}],"version-history":[{"count":9,"href":"https:\/\/digital.hfh.ch\/lp21stakeholderjourney\/wp-json\/pressbooks\/v2\/back-matter\/636\/revisions"}],"predecessor-version":[{"id":1725,"href":"https:\/\/digital.hfh.ch\/lp21stakeholderjourney\/wp-json\/pressbooks\/v2\/back-matter\/636\/revisions\/1725"}],"metadata":[{"href":"https:\/\/digital.hfh.ch\/lp21stakeholderjourney\/wp-json\/pressbooks\/v2\/back-matter\/636\/metadata\/"}],"wp:attachment":[{"href":"https:\/\/digital.hfh.ch\/lp21stakeholderjourney\/wp-json\/wp\/v2\/media?parent=636"}],"wp:term":[{"taxonomy":"back-matter-type","embeddable":true,"href":"https:\/\/digital.hfh.ch\/lp21stakeholderjourney\/wp-json\/pressbooks\/v2\/back-matter-type?post=636"},{"taxonomy":"contributor","embeddable":true,"href":"https:\/\/digital.hfh.ch\/lp21stakeholderjourney\/wp-json\/wp\/v2\/contributor?post=636"},{"taxonomy":"license","embeddable":true,"href":"https:\/\/digital.hfh.ch\/lp21stakeholderjourney\/wp-json\/wp\/v2\/license?post=636"}],"curies":[{"name":"wp","href":"https:\/\/api.w.org\/{rel}","templated":true}]}}

<p class="hanging-indent">Bildungsdirektion Kanton Zürich, Volksschulamt (o. J). <em>Kompetenzorientiert beurteilen</em>. Zürich: Lehrmittelverlag des Kantons Zürich. <a href="https://edudoc.ch/record/129068/files/broschuere_kompetenzorientiert_beurteilen_webversion.pdf" target="_blank" rel="noopener">https://edudoc.ch/record/129068/files/broschuere_kompetenzorientiert_beurteilen_webversion.pdf</a></p>
<p class="hanging-indent">Bühler, A. &amp; Dietrich, A. (2020). <em>Impulse für inklusiven Unterricht: Didaktisches Modell für die Reflexion, Planung und Gestaltung von inklusivem Unterricht mit speziellem Fokus auf die Lernsituation von Lernenden mit kognitiver Beeinträchtigung.</em> (Fassung 2020) [E-Book]. Interkantonale Hochschule für Heilpädagogik. <a href="https://www.hfh.ch/shop/produkt/impulse-fuer-inklusiven-unterricht-digital" target="_blank" rel="noopener">https://www.hfh.ch/shop/produkt/impulse-fuer-inklusiven-unterricht-digital</a></p>
<p class="hanging-indent">Deutschschweizer Volksschulämterkonferenz (DVK) (Hrsg.) (2019). <em>Anwendung des Lehrplans 21 für Schülerinnen und Schüler mit komplexen Behinderungen in Sonder- und Regelschulen. </em><a href="https://edudoc.ch/record/204678">https://edudoc.ch/record/204678</a></p>
<p class="hanging-indent">Hollenweger, J. (2018). Gemeinsam Lerngelegenheiten schaffen, statt hier unterrichten und dort fördern: Skizzierung eines Vorgehens zur gemeinsamen Planung in inklusiven Settings. <em>Schweizerische Zeitschrift für Heilpädagogik</em> (SZH), 24 (2). <a href="https://ojs.szh.ch/zeitschrift/article/view/702" target="_blank" rel="noopener">https://ojs.szh.ch/zeitschrift/article/view/702</a></p>
<p class="hanging-indent">Hollenweger, J. (2020). Befähigung" als Bildungsziel im Deutschschweizer Lehrplan 21. <em>Lernen konkret. Bildung im Förderschwerpunkt geistige Entwicklung</em>. 2. Braunschweig: Westermann.</p>
<p class="hanging-indent">Hollenweger, J. &amp; Bühler, A. (2020). Kompetenzorientierte Lehrpläne: Gemeinsame Grundlage für inklusive Bildung. <em>Lernen konkret</em>. Bildung im Förderschwerpunkt geistige Entwicklung. 3. Braunschweig: Westermann.</p>
<p class="hanging-indent">Hollenweger, J. &amp; Bühler, A. (2021a). Förderdiagnostik im Kontext des Lehrplans 21. In <em>Schweizerische Zeitschrift für Heilpädagogik</em> (SZH), 27 (7-8).<em> <a href="http://www.szh-csps.ch/z2021-07-01">www.szh-csps.ch/z2021-07-01</a></em></p>
<p class="hanging-indent">Hollenweger, J. &amp; Bühler, A. (2021b). <em>Die Anwendung des Lehrplans 21 bei komplexer Behinderung: Aufbau von Grundlagenkenntnissen mit Vertiefungsmöglichkeiten.</em> Online-Lerneinheit. [Online-Ressource]. Interkantonale Hochschule für Heilpädagogik (HfH), Pädagogische Hochschule Zürich (PHZH), Volksschulamt Zürich (VSA). <a href="https://digital.hfh.ch/lp21komplexebehinderung/" target="_blank" rel="noopener">https://digital.hfh.ch/lp21komplexebehinderung/</a></p>
<p class="hanging-indent">Hollenweger, J. &amp; Bühler, A. (2022). <em>Landkarte "Befähigungsorientierter Förderzyklus": Implementierung des Lehrplans 21 im Kontext komplexer Behinderungen</em> (p. 8). Zürich: PHZH, HfH. <a href="https://doi.org/10.5281/zenodo.6992650">https://doi.org/10.5281/zenodo.6992650</a></p>

<p class="hanging-indent">Bildungsdirektion Kanton Zürich, Volksschulamt (o. J). <em>Kompetenzorientiert beurteilen</em>. Zürich: Lehrmittelverlag des Kantons Zürich. <a href="https://edudoc.ch/record/129068/files/broschuere_kompetenzorientiert_beurteilen_webversion.pdf" target="_blank" rel="noopener">https://edudoc.ch/record/129068/files/broschuere_kompetenzorientiert_beurteilen_webversion.pdf</a></p>
<p class="hanging-indent">Bühler, A. &amp; Dietrich, A. (2020). <em>Impulse für inklusiven Unterricht: Didaktisches Modell für die Reflexion, Planung und Gestaltung von inklusivem Unterricht mit speziellem Fokus auf die Lernsituation von Lernenden mit kognitiver Beeinträchtigung.</em> (Fassung 2020) [E-Book]. Interkantonale Hochschule für Heilpädagogik. <a href="https://www.hfh.ch/shop/produkt/impulse-fuer-inklusiven-unterricht-digital" target="_blank" rel="noopener">https://www.hfh.ch/shop/produkt/impulse-fuer-inklusiven-unterricht-digital</a></p>
<p class="hanging-indent">Deutschschweizer Volksschulämterkonferenz (DVK) (Hrsg.) (2019). <em>Anwendung des Lehrplans 21 für Schülerinnen und Schüler mit komplexen Behinderungen in Sonder- und Regelschulen. </em><a href="https://edudoc.ch/record/204678">https://edudoc.ch/record/204678</a></p>
<p class="hanging-indent">Hollenweger, J. (2018). Gemeinsam Lerngelegenheiten schaffen, statt hier unterrichten und dort fördern: Skizzierung eines Vorgehens zur gemeinsamen Planung in inklusiven Settings. <em>Schweizerische Zeitschrift für Heilpädagogik</em> (SZH), 24 (2). <a href="https://ojs.szh.ch/zeitschrift/article/view/702" target="_blank" rel="noopener">https://ojs.szh.ch/zeitschrift/article/view/702</a></p>
<p class="hanging-indent">Hollenweger, J. (2020). Befähigung&#8220; als Bildungsziel im Deutschschweizer Lehrplan 21. <em>Lernen konkret. Bildung im Förderschwerpunkt geistige Entwicklung</em>. 2. Braunschweig: Westermann.</p>
<p class="hanging-indent">Hollenweger, J. &amp; Bühler, A. (2020). Kompetenzorientierte Lehrpläne: Gemeinsame Grundlage für inklusive Bildung. <em>Lernen konkret</em>. Bildung im Förderschwerpunkt geistige Entwicklung. 3. Braunschweig: Westermann.</p>
<p class="hanging-indent">Hollenweger, J. &amp; Bühler, A. (2021a). Förderdiagnostik im Kontext des Lehrplans 21. In <em>Schweizerische Zeitschrift für Heilpädagogik</em> (SZH), 27 (7-8).<em> <a href="http://www.szh-csps.ch/z2021-07-01">www.szh-csps.ch/z2021-07-01</a></em></p>
<p class="hanging-indent">Hollenweger, J. &amp; Bühler, A. (2021b). <em>Die Anwendung des Lehrplans 21 bei komplexer Behinderung: Aufbau von Grundlagenkenntnissen mit Vertiefungsmöglichkeiten.</em> Online-Lerneinheit. [Online-Ressource]. Interkantonale Hochschule für Heilpädagogik (HfH), Pädagogische Hochschule Zürich (PHZH), Volksschulamt Zürich (VSA). <a href="https://digital.hfh.ch/lp21komplexebehinderung/" target="_blank" rel="noopener">https://digital.hfh.ch/lp21komplexebehinderung/</a></p>
<p class="hanging-indent">Hollenweger, J. &amp; Bühler, A. (2022). <em>Landkarte &#8222;Befähigungsorientierter Förderzyklus&#8220;: Implementierung des Lehrplans 21 im Kontext komplexer Behinderungen</em> (p. 8). Zürich: PHZH, HfH. <a href="https://doi.org/10.5281/zenodo.6992650">https://doi.org/10.5281/zenodo.6992650</a></p>

<p>Bildungsdirektion Kanton Zürich, Volksschulamt (o. J). Kompetenzorientiert beurteilen. Zürich: Lehrmittelverlag des Kantons Zürich. https://edudoc.ch/record/129068/files/broschuere_kompetenzorientiert_beurteilen_webversion.pdf Bühler, A. &amp; Dietrich, A. (2020). Impulse für inklusiven Unterricht: Didaktisches Modell für die Reflexion, Planung und Gestaltung von inklusivem Unterricht mit speziellem Fokus auf die Lernsituation von Lernenden mit kognitiver Beeinträchtigung. (Fassung 2020) [E-Book]. Interkantonale Hochschule für Heilpädagogik. https://www.hfh.ch/shop/produkt/impulse-fuer-inklusiven-unterricht-digital Deutschschweizer [&hellip;]</p>
