{"id":89,"date":"2021-02-04T11:22:50","date_gmt":"2021-02-04T10:22:50","guid":{"rendered":"https:\/\/digital.hfh.ch\/lp21komplexebehinderung\/?post_type=chapter&#038;p=89"},"modified":"2023-08-29T08:22:36","modified_gmt":"2023-08-29T06:22:36","slug":"4-2-von-der-befaehigungsvision-zur-bildungsplanung","status":"publish","type":"chapter","link":"https:\/\/digital.hfh.ch\/lp21komplexebehinderung\/chapter\/4-2-von-der-befaehigungsvision-zur-bildungsplanung\/","title":{"raw":"4.2. Von der Bef\u00e4higungsvision zur Bildungsplanung","rendered":"4.2. Von der Bef\u00e4higungsvision zur Bildungsplanung"},"content":{"raw":"Wie die Bildungsplanung konkret gemacht wird, h\u00e4ngt vom schulischen Kontext ab. In der Regelschule geht es darum, die an den Inhalten des Lehrplans ausgerichteten Planung f\u00fcr die ganze Klasse zu erg\u00e4nzen mit einem Bildungsplan f\u00fcr die Sch\u00fclerin oder den Sch\u00fcler mit einer komplexen Behinderung. In einer auf spezifische Behinderungssituationen ausgerichteten Sonderschule k\u00f6nnen viele der unter 4.1 gestellten Fragen auf der Ebene der Schule oder zumindest auf der Ebene der Klasse oder Lerngruppe beantwortet werden. Auf der Ebene der einzelnen Sch\u00fclerin oder des einzelnen Sch\u00fclers werden im Bildungsplan nur noch individuell wichtige Hinweise erfasst:\r\n\r\n<img class=\"aligncenter size-full wp-image-1404\" src=\"https:\/\/digital.hfh.ch\/lp21komplexebehinderung\/wp-content\/uploads\/sites\/21\/2021\/02\/Ueberblick_Ebenen.png\" alt=\"\" width=\"1804\" height=\"660\" \/>\r\n\r\nIn jedem Fall ist die individuelle Bildungsplanung eine Erg\u00e4nzung zur Planung auf der Ebene der Schule und der Klasse. Es ist deshalb weder m\u00f6glich noch sinnvoll, unabh\u00e4ngig von den bereits vorhandenen Planungsgrundlagen eine bestimmte Vorgabe f\u00fcr die Erstellung des Bildungs- oder Lernplans einer bestimmten Sch\u00fclerin oder eines bestimmten Sch\u00fclers zu machen.\r\n\r\nMit dem f\u00fcr die Klasse oder Gruppe erarbeiteten Bildungsplan steht ein systematisch aufgebauter, langfristiger Orientierungsrahmen f\u00fcr die Unterrichtsplanung zur Verf\u00fcgung, der an die Voraussetzungen der Lernenden angepasst ist. Dies ist insbesondere bedeutsam, da alle Sch\u00fclerinnen und Sch\u00fcler lehrplanorientiert unterrichtet werden sollen. Er bietet eine \u00dcbersicht woran im kommenden Jahr \/ Semester gearbeitet werden soll und ist die Grundlage, um den Bildungsauftrag sicherzustellen und kann hat L\u00fccken in der bisherigen Planung aufzuzeigen, Zudem bietet er eine gute Grundlage f\u00fcr die Erstellung von Lernberichten.\r\n<h2>Erg\u00e4nzender Bildungsplan f\u00fcr einen Sch\u00fcler: Beispiel Nils<\/h2>\r\nDie Bildungsplanung f\u00fcr die Klasse oder Gruppe wird mit einem individuellen Bildungs- oder Lernplan erg\u00e4nzt. Hier wird festgehalten, welche Bef\u00e4higungsschwerpunkte f\u00fcr einen bestimmten Sch\u00fcler oder eine bestimmte Sch\u00fclerin von besonderer Bedeutung sind (Personalisierung: Bef\u00e4higung zu \u2026wozu?). Dabei wird der Bezug zu den zentralen Kompetenzen hergestellt, die falls erforderlich elementarisiert werden (Elementarisierung: F\u00f6rdern von \u2026 was?). Ebenfalls geplant werden muss die Ausgestaltung der Lernsituationen (Kontextualisierung: Gestalten von Situationen \u2026wo?), so dass relevante Erfahrungen erm\u00f6glicht werden.\r\n\r\nIm Falle von Nils k\u00f6nnte ein Auszug aus dem Bildungsplan (nicht alle Fachbereiche sind abgebildet) wie folgt aussehen:\r\n\r\n<img class=\"aligncenter size-full wp-image-1406\" src=\"https:\/\/digital.hfh.ch\/lp21komplexebehinderung\/wp-content\/uploads\/sites\/21\/2021\/02\/Bildungsplan_V1.png\" alt=\"\" width=\"1756\" height=\"890\" \/>\r\n\r\nEs kann aber auch von den ausgew\u00e4hlten Bef\u00e4higungsbereichen ausgegangen werden:\r\n\r\n<img class=\"aligncenter size-full wp-image-1407\" src=\"https:\/\/digital.hfh.ch\/lp21komplexebehinderung\/wp-content\/uploads\/sites\/21\/2021\/02\/Bildungsplan_V2.png\" alt=\"\" width=\"1810\" height=\"894\" \/>","rendered":"<p>Wie die Bildungsplanung konkret gemacht wird, h\u00e4ngt vom schulischen Kontext ab. In der Regelschule geht es darum, die an den Inhalten des Lehrplans ausgerichteten Planung f\u00fcr die ganze Klasse zu erg\u00e4nzen mit einem Bildungsplan f\u00fcr die Sch\u00fclerin oder den Sch\u00fcler mit einer komplexen Behinderung. In einer auf spezifische Behinderungssituationen ausgerichteten Sonderschule k\u00f6nnen viele der unter 4.1 gestellten Fragen auf der Ebene der Schule oder zumindest auf der Ebene der Klasse oder Lerngruppe beantwortet werden. Auf der Ebene der einzelnen Sch\u00fclerin oder des einzelnen Sch\u00fclers werden im Bildungsplan nur noch individuell wichtige Hinweise erfasst:<\/p>\n<p><img loading=\"lazy\" decoding=\"async\" class=\"aligncenter size-full wp-image-1404\" src=\"https:\/\/digital.hfh.ch\/lp21komplexebehinderung\/wp-content\/uploads\/sites\/21\/2021\/02\/Ueberblick_Ebenen.png\" alt=\"\" width=\"1804\" height=\"660\" srcset=\"https:\/\/digital.hfh.ch\/lp21komplexebehinderung\/wp-content\/uploads\/sites\/21\/2021\/02\/Ueberblick_Ebenen.png 1804w, https:\/\/digital.hfh.ch\/lp21komplexebehinderung\/wp-content\/uploads\/sites\/21\/2021\/02\/Ueberblick_Ebenen-300x110.png 300w, https:\/\/digital.hfh.ch\/lp21komplexebehinderung\/wp-content\/uploads\/sites\/21\/2021\/02\/Ueberblick_Ebenen-1024x375.png 1024w, https:\/\/digital.hfh.ch\/lp21komplexebehinderung\/wp-content\/uploads\/sites\/21\/2021\/02\/Ueberblick_Ebenen-768x281.png 768w, https:\/\/digital.hfh.ch\/lp21komplexebehinderung\/wp-content\/uploads\/sites\/21\/2021\/02\/Ueberblick_Ebenen-1536x562.png 1536w, https:\/\/digital.hfh.ch\/lp21komplexebehinderung\/wp-content\/uploads\/sites\/21\/2021\/02\/Ueberblick_Ebenen-65x24.png 65w, https:\/\/digital.hfh.ch\/lp21komplexebehinderung\/wp-content\/uploads\/sites\/21\/2021\/02\/Ueberblick_Ebenen-225x82.png 225w, https:\/\/digital.hfh.ch\/lp21komplexebehinderung\/wp-content\/uploads\/sites\/21\/2021\/02\/Ueberblick_Ebenen-350x128.png 350w\" sizes=\"auto, (max-width: 1804px) 100vw, 1804px\" \/><\/p>\n<p>In jedem Fall ist die individuelle Bildungsplanung eine Erg\u00e4nzung zur Planung auf der Ebene der Schule und der Klasse. Es ist deshalb weder m\u00f6glich noch sinnvoll, unabh\u00e4ngig von den bereits vorhandenen Planungsgrundlagen eine bestimmte Vorgabe f\u00fcr die Erstellung des Bildungs- oder Lernplans einer bestimmten Sch\u00fclerin oder eines bestimmten Sch\u00fclers zu machen.<\/p>\n<p>Mit dem f\u00fcr die Klasse oder Gruppe erarbeiteten Bildungsplan steht ein systematisch aufgebauter, langfristiger Orientierungsrahmen f\u00fcr die Unterrichtsplanung zur Verf\u00fcgung, der an die Voraussetzungen der Lernenden angepasst ist. Dies ist insbesondere bedeutsam, da alle Sch\u00fclerinnen und Sch\u00fcler lehrplanorientiert unterrichtet werden sollen. Er bietet eine \u00dcbersicht woran im kommenden Jahr \/ Semester gearbeitet werden soll und ist die Grundlage, um den Bildungsauftrag sicherzustellen und kann hat L\u00fccken in der bisherigen Planung aufzuzeigen, Zudem bietet er eine gute Grundlage f\u00fcr die Erstellung von Lernberichten.<\/p>\n<h2>Erg\u00e4nzender Bildungsplan f\u00fcr einen Sch\u00fcler: Beispiel Nils<\/h2>\n<p>Die Bildungsplanung f\u00fcr die Klasse oder Gruppe wird mit einem individuellen Bildungs- oder Lernplan erg\u00e4nzt. Hier wird festgehalten, welche Bef\u00e4higungsschwerpunkte f\u00fcr einen bestimmten Sch\u00fcler oder eine bestimmte Sch\u00fclerin von besonderer Bedeutung sind (Personalisierung: Bef\u00e4higung zu \u2026wozu?). Dabei wird der Bezug zu den zentralen Kompetenzen hergestellt, die falls erforderlich elementarisiert werden (Elementarisierung: F\u00f6rdern von \u2026 was?). Ebenfalls geplant werden muss die Ausgestaltung der Lernsituationen (Kontextualisierung: Gestalten von Situationen \u2026wo?), so dass relevante Erfahrungen erm\u00f6glicht werden.<\/p>\n<p>Im Falle von Nils k\u00f6nnte ein Auszug aus dem Bildungsplan (nicht alle Fachbereiche sind abgebildet) wie folgt aussehen:<\/p>\n<p><img loading=\"lazy\" decoding=\"async\" class=\"aligncenter size-full wp-image-1406\" src=\"https:\/\/digital.hfh.ch\/lp21komplexebehinderung\/wp-content\/uploads\/sites\/21\/2021\/02\/Bildungsplan_V1.png\" alt=\"\" width=\"1756\" height=\"890\" srcset=\"https:\/\/digital.hfh.ch\/lp21komplexebehinderung\/wp-content\/uploads\/sites\/21\/2021\/02\/Bildungsplan_V1.png 1756w, https:\/\/digital.hfh.ch\/lp21komplexebehinderung\/wp-content\/uploads\/sites\/21\/2021\/02\/Bildungsplan_V1-300x152.png 300w, https:\/\/digital.hfh.ch\/lp21komplexebehinderung\/wp-content\/uploads\/sites\/21\/2021\/02\/Bildungsplan_V1-1024x519.png 1024w, https:\/\/digital.hfh.ch\/lp21komplexebehinderung\/wp-content\/uploads\/sites\/21\/2021\/02\/Bildungsplan_V1-768x389.png 768w, https:\/\/digital.hfh.ch\/lp21komplexebehinderung\/wp-content\/uploads\/sites\/21\/2021\/02\/Bildungsplan_V1-1536x778.png 1536w, https:\/\/digital.hfh.ch\/lp21komplexebehinderung\/wp-content\/uploads\/sites\/21\/2021\/02\/Bildungsplan_V1-65x33.png 65w, https:\/\/digital.hfh.ch\/lp21komplexebehinderung\/wp-content\/uploads\/sites\/21\/2021\/02\/Bildungsplan_V1-225x114.png 225w, https:\/\/digital.hfh.ch\/lp21komplexebehinderung\/wp-content\/uploads\/sites\/21\/2021\/02\/Bildungsplan_V1-350x177.png 350w\" sizes=\"auto, (max-width: 1756px) 100vw, 1756px\" \/><\/p>\n<p>Es kann aber auch von den ausgew\u00e4hlten Bef\u00e4higungsbereichen ausgegangen werden:<\/p>\n<p><img loading=\"lazy\" decoding=\"async\" class=\"aligncenter size-full wp-image-1407\" src=\"https:\/\/digital.hfh.ch\/lp21komplexebehinderung\/wp-content\/uploads\/sites\/21\/2021\/02\/Bildungsplan_V2.png\" alt=\"\" width=\"1810\" height=\"894\" srcset=\"https:\/\/digital.hfh.ch\/lp21komplexebehinderung\/wp-content\/uploads\/sites\/21\/2021\/02\/Bildungsplan_V2.png 1810w, https:\/\/digital.hfh.ch\/lp21komplexebehinderung\/wp-content\/uploads\/sites\/21\/2021\/02\/Bildungsplan_V2-300x148.png 300w, https:\/\/digital.hfh.ch\/lp21komplexebehinderung\/wp-content\/uploads\/sites\/21\/2021\/02\/Bildungsplan_V2-1024x506.png 1024w, https:\/\/digital.hfh.ch\/lp21komplexebehinderung\/wp-content\/uploads\/sites\/21\/2021\/02\/Bildungsplan_V2-768x379.png 768w, https:\/\/digital.hfh.ch\/lp21komplexebehinderung\/wp-content\/uploads\/sites\/21\/2021\/02\/Bildungsplan_V2-1536x759.png 1536w, https:\/\/digital.hfh.ch\/lp21komplexebehinderung\/wp-content\/uploads\/sites\/21\/2021\/02\/Bildungsplan_V2-65x32.png 65w, https:\/\/digital.hfh.ch\/lp21komplexebehinderung\/wp-content\/uploads\/sites\/21\/2021\/02\/Bildungsplan_V2-225x111.png 225w, https:\/\/digital.hfh.ch\/lp21komplexebehinderung\/wp-content\/uploads\/sites\/21\/2021\/02\/Bildungsplan_V2-350x173.png 350w\" sizes=\"auto, (max-width: 1810px) 100vw, 1810px\" \/><\/p>\n","protected":false},"excerpt":{"rendered":"<p>Wie die Bildungsplanung konkret gemacht wird, h\u00e4ngt vom schulischen Kontext ab. In der Regelschule geht es darum, die an den Inhalten des Lehrplans ausgerichteten Planung f\u00fcr die ganze Klasse zu erg\u00e4nzen mit einem Bildungsplan f\u00fcr die Sch\u00fclerin oder den Sch\u00fcler mit einer komplexen Behinderung. In einer auf spezifische Behinderungssituationen ausgerichteten Sonderschule k\u00f6nnen viele der unter [&hellip;]<\/p>\n","protected":false},"author":1456,"menu_order":3,"template":"","meta":{"pb_show_title":"on","pb_short_title":"","pb_subtitle":"","pb_authors":[],"pb_section_license":""},"categories":[],"chapter-type":[],"contributor":[],"license":[],"class_list":["post-89","chapter","type-chapter","status-publish","hentry"],"part":52,"_links":{"self":[{"href":"https:\/\/digital.hfh.ch\/lp21komplexebehinderung\/wp-json\/pressbooks\/v2\/chapters\/89","targetHints":{"allow":["GET"]}}],"collection":[{"href":"https:\/\/digital.hfh.ch\/lp21komplexebehinderung\/wp-json\/pressbooks\/v2\/chapters"}],"about":[{"href":"https:\/\/digital.hfh.ch\/lp21komplexebehinderung\/wp-json\/wp\/v2\/types\/chapter"}],"author":[{"embeddable":true,"href":"https:\/\/digital.hfh.ch\/lp21komplexebehinderung\/wp-json\/wp\/v2\/users\/1456"}],"version-history":[{"count":23,"href":"https:\/\/digital.hfh.ch\/lp21komplexebehinderung\/wp-json\/pressbooks\/v2\/chapters\/89\/revisions"}],"predecessor-version":[{"id":1703,"href":"https:\/\/digital.hfh.ch\/lp21komplexebehinderung\/wp-json\/pressbooks\/v2\/chapters\/89\/revisions\/1703"}],"part":[{"href":"https:\/\/digital.hfh.ch\/lp21komplexebehinderung\/wp-json\/pressbooks\/v2\/parts\/52"}],"metadata":[{"href":"https:\/\/digital.hfh.ch\/lp21komplexebehinderung\/wp-json\/pressbooks\/v2\/chapters\/89\/metadata\/"}],"wp:attachment":[{"href":"https:\/\/digital.hfh.ch\/lp21komplexebehinderung\/wp-json\/wp\/v2\/media?parent=89"}],"wp:term":[{"taxonomy":"category","embeddable":true,"href":"https:\/\/digital.hfh.ch\/lp21komplexebehinderung\/wp-json\/wp\/v2\/categories?post=89"},{"taxonomy":"chapter-type","embeddable":true,"href":"https:\/\/digital.hfh.ch\/lp21komplexebehinderung\/wp-json\/pressbooks\/v2\/chapter-type?post=89"},{"taxonomy":"contributor","embeddable":true,"href":"https:\/\/digital.hfh.ch\/lp21komplexebehinderung\/wp-json\/wp\/v2\/contributor?post=89"},{"taxonomy":"license","embeddable":true,"href":"https:\/\/digital.hfh.ch\/lp21komplexebehinderung\/wp-json\/wp\/v2\/license?post=89"}],"curies":[{"name":"wp","href":"https:\/\/api.w.org\/{rel}","templated":true}]}}

4.2. Von der Befähigungsvision zur Bildungsplanung

Wie die Bildungsplanung konkret gemacht wird, hängt vom schulischen Kontext ab. In der Regelschule geht es darum, die an den Inhalten des Lehrplans ausgerichteten Planung für die ganze Klasse zu ergänzen mit einem Bildungsplan für die Schülerin oder den Schüler mit einer komplexen Behinderung. In einer auf spezifische Behinderungssituationen ausgerichteten Sonderschule können viele der unter 4.1 gestellten Fragen auf der Ebene der Schule oder zumindest auf der Ebene der Klasse oder Lerngruppe beantwortet werden. Auf der Ebene der einzelnen Schülerin oder des einzelnen Schülers werden im Bildungsplan nur noch individuell wichtige Hinweise erfasst:

<img class="aligncenter size-full wp-image-1404" src="https://digital.hfh.ch/lp21komplexebehinderung/wp-content/uploads/sites/21/2021/02/Ueberblick_Ebenen.png" alt="" width="1804" height="660" />

In jedem Fall ist die individuelle Bildungsplanung eine Ergänzung zur Planung auf der Ebene der Schule und der Klasse. Es ist deshalb weder möglich noch sinnvoll, unabhängig von den bereits vorhandenen Planungsgrundlagen eine bestimmte Vorgabe für die Erstellung des Bildungs- oder Lernplans einer bestimmten Schülerin oder eines bestimmten Schülers zu machen.

Mit dem für die Klasse oder Gruppe erarbeiteten Bildungsplan steht ein systematisch aufgebauter, langfristiger Orientierungsrahmen für die Unterrichtsplanung zur Verfügung, der an die Voraussetzungen der Lernenden angepasst ist. Dies ist insbesondere bedeutsam, da alle Schülerinnen und Schüler lehrplanorientiert unterrichtet werden sollen. Er bietet eine Übersicht woran im kommenden Jahr / Semester gearbeitet werden soll und ist die Grundlage, um den Bildungsauftrag sicherzustellen und kann hat Lücken in der bisherigen Planung aufzuzeigen, Zudem bietet er eine gute Grundlage für die Erstellung von Lernberichten.
<h2>Ergänzender Bildungsplan für einen Schüler: Beispiel Nils</h2>
Die Bildungsplanung für die Klasse oder Gruppe wird mit einem individuellen Bildungs- oder Lernplan ergänzt. Hier wird festgehalten, welche Befähigungsschwerpunkte für einen bestimmten Schüler oder eine bestimmte Schülerin von besonderer Bedeutung sind (Personalisierung: Befähigung zu …wozu?). Dabei wird der Bezug zu den zentralen Kompetenzen hergestellt, die falls erforderlich elementarisiert werden (Elementarisierung: Fördern von … was?). Ebenfalls geplant werden muss die Ausgestaltung der Lernsituationen (Kontextualisierung: Gestalten von Situationen …wo?), so dass relevante Erfahrungen ermöglicht werden.

Im Falle von Nils könnte ein Auszug aus dem Bildungsplan (nicht alle Fachbereiche sind abgebildet) wie folgt aussehen:

<img class="aligncenter size-full wp-image-1406" src="https://digital.hfh.ch/lp21komplexebehinderung/wp-content/uploads/sites/21/2021/02/Bildungsplan_V1.png" alt="" width="1756" height="890" />

Es kann aber auch von den ausgewählten Befähigungsbereichen ausgegangen werden:

<img class="aligncenter size-full wp-image-1407" src="https://digital.hfh.ch/lp21komplexebehinderung/wp-content/uploads/sites/21/2021/02/Bildungsplan_V2.png" alt="" width="1810" height="894" />

<p>Wie die Bildungsplanung konkret gemacht wird, hängt vom schulischen Kontext ab. In der Regelschule geht es darum, die an den Inhalten des Lehrplans ausgerichteten Planung für die ganze Klasse zu ergänzen mit einem Bildungsplan für die Schülerin oder den Schüler mit einer komplexen Behinderung. In einer auf spezifische Behinderungssituationen ausgerichteten Sonderschule können viele der unter 4.1 gestellten Fragen auf der Ebene der Schule oder zumindest auf der Ebene der Klasse oder Lerngruppe beantwortet werden. Auf der Ebene der einzelnen Schülerin oder des einzelnen Schülers werden im Bildungsplan nur noch individuell wichtige Hinweise erfasst:</p>
<p><img loading="lazy" decoding="async" class="aligncenter size-full wp-image-1404" src="https://digital.hfh.ch/lp21komplexebehinderung/wp-content/uploads/sites/21/2021/02/Ueberblick_Ebenen.png" alt="" width="1804" height="660" srcset="https://digital.hfh.ch/lp21komplexebehinderung/wp-content/uploads/sites/21/2021/02/Ueberblick_Ebenen.png 1804w, https://digital.hfh.ch/lp21komplexebehinderung/wp-content/uploads/sites/21/2021/02/Ueberblick_Ebenen-300x110.png 300w, https://digital.hfh.ch/lp21komplexebehinderung/wp-content/uploads/sites/21/2021/02/Ueberblick_Ebenen-1024x375.png 1024w, https://digital.hfh.ch/lp21komplexebehinderung/wp-content/uploads/sites/21/2021/02/Ueberblick_Ebenen-768x281.png 768w, https://digital.hfh.ch/lp21komplexebehinderung/wp-content/uploads/sites/21/2021/02/Ueberblick_Ebenen-1536x562.png 1536w, https://digital.hfh.ch/lp21komplexebehinderung/wp-content/uploads/sites/21/2021/02/Ueberblick_Ebenen-65x24.png 65w, https://digital.hfh.ch/lp21komplexebehinderung/wp-content/uploads/sites/21/2021/02/Ueberblick_Ebenen-225x82.png 225w, https://digital.hfh.ch/lp21komplexebehinderung/wp-content/uploads/sites/21/2021/02/Ueberblick_Ebenen-350x128.png 350w" sizes="auto, (max-width: 1804px) 100vw, 1804px" /></p>
<p>In jedem Fall ist die individuelle Bildungsplanung eine Ergänzung zur Planung auf der Ebene der Schule und der Klasse. Es ist deshalb weder möglich noch sinnvoll, unabhängig von den bereits vorhandenen Planungsgrundlagen eine bestimmte Vorgabe für die Erstellung des Bildungs- oder Lernplans einer bestimmten Schülerin oder eines bestimmten Schülers zu machen.</p>
<p>Mit dem für die Klasse oder Gruppe erarbeiteten Bildungsplan steht ein systematisch aufgebauter, langfristiger Orientierungsrahmen für die Unterrichtsplanung zur Verfügung, der an die Voraussetzungen der Lernenden angepasst ist. Dies ist insbesondere bedeutsam, da alle Schülerinnen und Schüler lehrplanorientiert unterrichtet werden sollen. Er bietet eine Übersicht woran im kommenden Jahr / Semester gearbeitet werden soll und ist die Grundlage, um den Bildungsauftrag sicherzustellen und kann hat Lücken in der bisherigen Planung aufzuzeigen, Zudem bietet er eine gute Grundlage für die Erstellung von Lernberichten.</p>
<h2>Ergänzender Bildungsplan für einen Schüler: Beispiel Nils</h2>
<p>Die Bildungsplanung für die Klasse oder Gruppe wird mit einem individuellen Bildungs- oder Lernplan ergänzt. Hier wird festgehalten, welche Befähigungsschwerpunkte für einen bestimmten Schüler oder eine bestimmte Schülerin von besonderer Bedeutung sind (Personalisierung: Befähigung zu …wozu?). Dabei wird der Bezug zu den zentralen Kompetenzen hergestellt, die falls erforderlich elementarisiert werden (Elementarisierung: Fördern von … was?). Ebenfalls geplant werden muss die Ausgestaltung der Lernsituationen (Kontextualisierung: Gestalten von Situationen …wo?), so dass relevante Erfahrungen ermöglicht werden.</p>
<p>Im Falle von Nils könnte ein Auszug aus dem Bildungsplan (nicht alle Fachbereiche sind abgebildet) wie folgt aussehen:</p>
<p><img loading="lazy" decoding="async" class="aligncenter size-full wp-image-1406" src="https://digital.hfh.ch/lp21komplexebehinderung/wp-content/uploads/sites/21/2021/02/Bildungsplan_V1.png" alt="" width="1756" height="890" srcset="https://digital.hfh.ch/lp21komplexebehinderung/wp-content/uploads/sites/21/2021/02/Bildungsplan_V1.png 1756w, https://digital.hfh.ch/lp21komplexebehinderung/wp-content/uploads/sites/21/2021/02/Bildungsplan_V1-300x152.png 300w, https://digital.hfh.ch/lp21komplexebehinderung/wp-content/uploads/sites/21/2021/02/Bildungsplan_V1-1024x519.png 1024w, https://digital.hfh.ch/lp21komplexebehinderung/wp-content/uploads/sites/21/2021/02/Bildungsplan_V1-768x389.png 768w, https://digital.hfh.ch/lp21komplexebehinderung/wp-content/uploads/sites/21/2021/02/Bildungsplan_V1-1536x778.png 1536w, https://digital.hfh.ch/lp21komplexebehinderung/wp-content/uploads/sites/21/2021/02/Bildungsplan_V1-65x33.png 65w, https://digital.hfh.ch/lp21komplexebehinderung/wp-content/uploads/sites/21/2021/02/Bildungsplan_V1-225x114.png 225w, https://digital.hfh.ch/lp21komplexebehinderung/wp-content/uploads/sites/21/2021/02/Bildungsplan_V1-350x177.png 350w" sizes="auto, (max-width: 1756px) 100vw, 1756px" /></p>
<p>Es kann aber auch von den ausgewählten Befähigungsbereichen ausgegangen werden:</p>
<p><img loading="lazy" decoding="async" class="aligncenter size-full wp-image-1407" src="https://digital.hfh.ch/lp21komplexebehinderung/wp-content/uploads/sites/21/2021/02/Bildungsplan_V2.png" alt="" width="1810" height="894" srcset="https://digital.hfh.ch/lp21komplexebehinderung/wp-content/uploads/sites/21/2021/02/Bildungsplan_V2.png 1810w, https://digital.hfh.ch/lp21komplexebehinderung/wp-content/uploads/sites/21/2021/02/Bildungsplan_V2-300x148.png 300w, https://digital.hfh.ch/lp21komplexebehinderung/wp-content/uploads/sites/21/2021/02/Bildungsplan_V2-1024x506.png 1024w, https://digital.hfh.ch/lp21komplexebehinderung/wp-content/uploads/sites/21/2021/02/Bildungsplan_V2-768x379.png 768w, https://digital.hfh.ch/lp21komplexebehinderung/wp-content/uploads/sites/21/2021/02/Bildungsplan_V2-1536x759.png 1536w, https://digital.hfh.ch/lp21komplexebehinderung/wp-content/uploads/sites/21/2021/02/Bildungsplan_V2-65x32.png 65w, https://digital.hfh.ch/lp21komplexebehinderung/wp-content/uploads/sites/21/2021/02/Bildungsplan_V2-225x111.png 225w, https://digital.hfh.ch/lp21komplexebehinderung/wp-content/uploads/sites/21/2021/02/Bildungsplan_V2-350x173.png 350w" sizes="auto, (max-width: 1810px) 100vw, 1810px" /></p>

<p>Wie die Bildungsplanung konkret gemacht wird, hängt vom schulischen Kontext ab. In der Regelschule geht es darum, die an den Inhalten des Lehrplans ausgerichteten Planung für die ganze Klasse zu ergänzen mit einem Bildungsplan für die Schülerin oder den Schüler mit einer komplexen Behinderung. In einer auf spezifische Behinderungssituationen ausgerichteten Sonderschule können viele der unter [&hellip;]</p>
