{"id":599,"date":"2025-04-04T09:24:09","date_gmt":"2025-04-04T07:24:09","guid":{"rendered":"https:\/\/digital.hfh.ch\/interview\/?post_type=front-matter&#038;p=599"},"modified":"2026-04-10T07:59:02","modified_gmt":"2026-04-10T05:59:02","slug":"einleitung","status":"publish","type":"front-matter","link":"https:\/\/digital.hfh.ch\/interview\/front-matter\/einleitung\/","title":{"raw":"Willkommen in der Lernumgebung zum flexiblen Interview","rendered":"Willkommen in der Lernumgebung zum flexiblen Interview"},"content":{"raw":"<div class=\"flex flex-col text-sm pb-25\"><section class=\"text-token-text-primary w-full focus:outline-none [--shadow-height:45px] has-data-writing-block:pointer-events-none has-data-writing-block:-mt-(--shadow-height) has-data-writing-block:pt-(--shadow-height) [&amp;:has([data-writing-block])&gt;*]:pointer-events-auto scroll-mt-[calc(var(--header-height)+min(200px,max(70px,20svh)))]\" dir=\"auto\" data-turn-id=\"request-WEB:56596cbf-e355-4342-9cc3-48f980c6cdfc-7\" data-testid=\"conversation-turn-10\" data-scroll-anchor=\"true\" data-turn=\"assistant\">\r\n<div class=\"text-base my-auto mx-auto pb-10 [--thread-content-margin:var(--thread-content-margin-xs,calc(var(--spacing)*4))] @w-sm\/main:[--thread-content-margin:var(--thread-content-margin-sm,calc(var(--spacing)*6))] @w-lg\/main:[--thread-content-margin:var(--thread-content-margin-lg,calc(var(--spacing)*16))] px-(--thread-content-margin)\">\r\n<div class=\"[--thread-content-max-width:40rem] @w-lg\/main:[--thread-content-max-width:48rem] mx-auto max-w-(--thread-content-max-width) flex-1 group\/turn-messages focus-visible:outline-hidden relative flex w-full min-w-0 flex-col agent-turn\">\r\n<div class=\"flex max-w-full flex-col gap-4 grow\">\r\n<div class=\"min-h-8 text-message relative flex w-full flex-col items-end gap-2 text-start break-words whitespace-normal outline-none keyboard-focused:focus-ring [.text-message+&amp;]:mt-1\" dir=\"auto\" data-message-author-role=\"assistant\" data-message-id=\"bb0fd189-b191-4f46-8dc5-b1a347078c16\" data-message-model-slug=\"gpt-5-3\" data-turn-start-message=\"true\">\r\n<div class=\"flex w-full flex-col gap-1 empty:hidden\">\r\n<div class=\"markdown prose dark:prose-invert w-full wrap-break-word light markdown-new-styling\">\r\n<p data-start=\"31\" data-end=\"397\">Das <a href=\"https:\/\/digital.hfh.ch\/interview\/chapter\/das-flexible-oder-das-diagnostische-interview\/\">flexible Interview<\/a> ist eine Methode, mit der Denkprozesse von Kindern und Jugendlichen sichtbar gemacht werden. Dabei werden <a href=\"https:\/\/digital.hfh.ch\/interview\/front-matter\/das-flexible-interview-zwischen-beobachten-befragen-experimentieren-und-testen\/\">Beobachtung, gezielte Fragen, gemeinsames Ausprobieren und Weiterdenken<\/a> miteinander verbunden. So wird erkennbar, wie Kinder und Jugendliche denken \u2013 nicht nur, ob eine Antwort richtig ist.<\/p>\r\n<p data-start=\"605\" data-end=\"830\">Das flexible Interview erweitert den p\u00e4dagogischen Handlungsspielraum. Es verschiebt den Fokus vom Abfragen von Ergebnissen hin zum Verstehen von Denkprozessen. Im Zentrum steht das Verstehen von Lernprozessen, insbesondere im mathematischen Denken. Die Methode macht individuelle Denkwege von Kindern und Jugendlichen sichtbar und er\u00f6ffnet M\u00f6glichkeiten, daran gezielt anzukn\u00fcpfen.<\/p>\r\n<p data-start=\"1073\" data-end=\"1203\" data-is-last-node=\"\" data-is-only-node=\"\">Diese Website zeigt, wie sich das flexible Interview im Unterricht und in der F\u00f6rderung einsetzen l\u00e4sst. Sie bietet erprobte Beispiele, konkrete \u00dcbungen und praxisnahe Hinweise aus langj\u00e4hriger Erfahrung. Die Inhalte laden dazu ein, die Methode praktisch zu erproben und schrittweise in den eigenen p\u00e4dagogischen Alltag zu integrieren.<\/p>\r\n\r\n<\/div>\r\n<\/div>\r\n<\/div>\r\n<\/div>\r\n<\/div>\r\n<\/div>\r\n<\/section><\/div>","rendered":"<div class=\"flex flex-col text-sm pb-25\">\n<section class=\"text-token-text-primary w-full focus:outline-none [--shadow-height:45px] has-data-writing-block:pointer-events-none has-data-writing-block:-mt-(--shadow-height) has-data-writing-block:pt-(--shadow-height) [&amp;:has([data-writing-block])&gt;*]:pointer-events-auto scroll-mt-[calc(var(--header-height)+min(200px,max(70px,20svh)))]\" dir=\"auto\" data-turn-id=\"request-WEB:56596cbf-e355-4342-9cc3-48f980c6cdfc-7\" data-testid=\"conversation-turn-10\" data-scroll-anchor=\"true\" data-turn=\"assistant\">\n<div class=\"text-base my-auto mx-auto pb-10 [--thread-content-margin:var(--thread-content-margin-xs,calc(var(--spacing)*4))] @w-sm\/main:[--thread-content-margin:var(--thread-content-margin-sm,calc(var(--spacing)*6))] @w-lg\/main:[--thread-content-margin:var(--thread-content-margin-lg,calc(var(--spacing)*16))] px-(--thread-content-margin)\">\n<div class=\"[--thread-content-max-width:40rem] @w-lg\/main:[--thread-content-max-width:48rem] mx-auto max-w-(--thread-content-max-width) flex-1 group\/turn-messages focus-visible:outline-hidden relative flex w-full min-w-0 flex-col agent-turn\">\n<div class=\"flex max-w-full flex-col gap-4 grow\">\n<div class=\"min-h-8 text-message relative flex w-full flex-col items-end gap-2 text-start break-words whitespace-normal outline-none keyboard-focused:focus-ring [.text-message+&amp;]:mt-1\" dir=\"auto\" data-message-author-role=\"assistant\" data-message-id=\"bb0fd189-b191-4f46-8dc5-b1a347078c16\" data-message-model-slug=\"gpt-5-3\" data-turn-start-message=\"true\">\n<div class=\"flex w-full flex-col gap-1 empty:hidden\">\n<div class=\"markdown prose dark:prose-invert w-full wrap-break-word light markdown-new-styling\">\n<p data-start=\"31\" data-end=\"397\">Das <a href=\"https:\/\/digital.hfh.ch\/interview\/chapter\/das-flexible-oder-das-diagnostische-interview\/\">flexible Interview<\/a> ist eine Methode, mit der Denkprozesse von Kindern und Jugendlichen sichtbar gemacht werden. Dabei werden <a href=\"https:\/\/digital.hfh.ch\/interview\/front-matter\/das-flexible-interview-zwischen-beobachten-befragen-experimentieren-und-testen\/\">Beobachtung, gezielte Fragen, gemeinsames Ausprobieren und Weiterdenken<\/a> miteinander verbunden. So wird erkennbar, wie Kinder und Jugendliche denken \u2013 nicht nur, ob eine Antwort richtig ist.<\/p>\n<p data-start=\"605\" data-end=\"830\">Das flexible Interview erweitert den p\u00e4dagogischen Handlungsspielraum. Es verschiebt den Fokus vom Abfragen von Ergebnissen hin zum Verstehen von Denkprozessen. Im Zentrum steht das Verstehen von Lernprozessen, insbesondere im mathematischen Denken. Die Methode macht individuelle Denkwege von Kindern und Jugendlichen sichtbar und er\u00f6ffnet M\u00f6glichkeiten, daran gezielt anzukn\u00fcpfen.<\/p>\n<p data-start=\"1073\" data-end=\"1203\" data-is-last-node=\"\" data-is-only-node=\"\">Diese Website zeigt, wie sich das flexible Interview im Unterricht und in der F\u00f6rderung einsetzen l\u00e4sst. Sie bietet erprobte Beispiele, konkrete \u00dcbungen und praxisnahe Hinweise aus langj\u00e4hriger Erfahrung. Die Inhalte laden dazu ein, die Methode praktisch zu erproben und schrittweise in den eigenen p\u00e4dagogischen Alltag zu integrieren.<\/p>\n<\/div>\n<\/div>\n<\/div>\n<\/div>\n<\/div>\n<\/div>\n<\/section>\n<\/div>\n","protected":false},"excerpt":{"rendered":"<p>Das flexible Interview ist eine Methode, mit der Denkprozesse von Kindern und Jugendlichen sichtbar gemacht werden. Dabei werden Beobachtung, gezielte Fragen, gemeinsames Ausprobieren und Weiterdenken miteinander verbunden. So wird erkennbar, wie Kinder und Jugendliche denken \u2013 nicht nur, ob eine Antwort richtig ist. Das flexible Interview erweitert den p\u00e4dagogischen Handlungsspielraum. Es verschiebt den Fokus vom [&hellip;]<\/p>\n","protected":false},"author":2007,"menu_order":1,"template":"","meta":{"pb_show_title":"on","pb_short_title":"","pb_subtitle":"","pb_authors":[],"pb_section_license":""},"front-matter-type":[9],"contributor":[],"license":[],"class_list":["post-599","front-matter","type-front-matter","status-publish","hentry","front-matter-type-foreword"],"_links":{"self":[{"href":"https:\/\/digital.hfh.ch\/interview\/wp-json\/pressbooks\/v2\/front-matter\/599","targetHints":{"allow":["GET"]}}],"collection":[{"href":"https:\/\/digital.hfh.ch\/interview\/wp-json\/pressbooks\/v2\/front-matter"}],"about":[{"href":"https:\/\/digital.hfh.ch\/interview\/wp-json\/wp\/v2\/types\/front-matter"}],"author":[{"embeddable":true,"href":"https:\/\/digital.hfh.ch\/interview\/wp-json\/wp\/v2\/users\/2007"}],"version-history":[{"count":22,"href":"https:\/\/digital.hfh.ch\/interview\/wp-json\/pressbooks\/v2\/front-matter\/599\/revisions"}],"predecessor-version":[{"id":673,"href":"https:\/\/digital.hfh.ch\/interview\/wp-json\/pressbooks\/v2\/front-matter\/599\/revisions\/673"}],"metadata":[{"href":"https:\/\/digital.hfh.ch\/interview\/wp-json\/pressbooks\/v2\/front-matter\/599\/metadata\/"}],"wp:attachment":[{"href":"https:\/\/digital.hfh.ch\/interview\/wp-json\/wp\/v2\/media?parent=599"}],"wp:term":[{"taxonomy":"front-matter-type","embeddable":true,"href":"https:\/\/digital.hfh.ch\/interview\/wp-json\/pressbooks\/v2\/front-matter-type?post=599"},{"taxonomy":"contributor","embeddable":true,"href":"https:\/\/digital.hfh.ch\/interview\/wp-json\/wp\/v2\/contributor?post=599"},{"taxonomy":"license","embeddable":true,"href":"https:\/\/digital.hfh.ch\/interview\/wp-json\/wp\/v2\/license?post=599"}],"curies":[{"name":"wp","href":"https:\/\/api.w.org\/{rel}","templated":true}]}}

<div class="flex flex-col text-sm pb-25"><section class="text-token-text-primary w-full focus:outline-none [--shadow-height:45px] has-data-writing-block:pointer-events-none has-data-writing-block:-mt-(--shadow-height) has-data-writing-block:pt-(--shadow-height) [&amp;:has([data-writing-block])&gt;*]:pointer-events-auto scroll-mt-[calc(var(--header-height)+min(200px,max(70px,20svh)))]" dir="auto" data-turn-id="request-WEB:56596cbf-e355-4342-9cc3-48f980c6cdfc-7" data-testid="conversation-turn-10" data-scroll-anchor="true" data-turn="assistant">
<div class="text-base my-auto mx-auto pb-10 [--thread-content-margin:var(--thread-content-margin-xs,calc(var(--spacing)*4))] @w-sm/main:[--thread-content-margin:var(--thread-content-margin-sm,calc(var(--spacing)*6))] @w-lg/main:[--thread-content-margin:var(--thread-content-margin-lg,calc(var(--spacing)*16))] px-(--thread-content-margin)">
<div class="[--thread-content-max-width:40rem] @w-lg/main:[--thread-content-max-width:48rem] mx-auto max-w-(--thread-content-max-width) flex-1 group/turn-messages focus-visible:outline-hidden relative flex w-full min-w-0 flex-col agent-turn">
<div class="flex max-w-full flex-col gap-4 grow">
<div class="min-h-8 text-message relative flex w-full flex-col items-end gap-2 text-start break-words whitespace-normal outline-none keyboard-focused:focus-ring [.text-message+&amp;]:mt-1" dir="auto" data-message-author-role="assistant" data-message-id="bb0fd189-b191-4f46-8dc5-b1a347078c16" data-message-model-slug="gpt-5-3" data-turn-start-message="true">
<div class="flex w-full flex-col gap-1 empty:hidden">
<div class="markdown prose dark:prose-invert w-full wrap-break-word light markdown-new-styling">
<p data-start="31" data-end="397">Das <a href="https://digital.hfh.ch/interview/chapter/das-flexible-oder-das-diagnostische-interview/">flexible Interview</a> ist eine Methode, mit der Denkprozesse von Kindern und Jugendlichen sichtbar gemacht werden. Dabei werden <a href="https://digital.hfh.ch/interview/front-matter/das-flexible-interview-zwischen-beobachten-befragen-experimentieren-und-testen/">Beobachtung, gezielte Fragen, gemeinsames Ausprobieren und Weiterdenken</a> miteinander verbunden. So wird erkennbar, wie Kinder und Jugendliche denken – nicht nur, ob eine Antwort richtig ist.</p>
<p data-start="605" data-end="830">Das flexible Interview erweitert den pädagogischen Handlungsspielraum. Es verschiebt den Fokus vom Abfragen von Ergebnissen hin zum Verstehen von Denkprozessen. Im Zentrum steht das Verstehen von Lernprozessen, insbesondere im mathematischen Denken. Die Methode macht individuelle Denkwege von Kindern und Jugendlichen sichtbar und eröffnet Möglichkeiten, daran gezielt anzuknüpfen.</p>
<p data-start="1073" data-end="1203" data-is-last-node="" data-is-only-node="">Diese Website zeigt, wie sich das flexible Interview im Unterricht und in der Förderung einsetzen lässt. Sie bietet erprobte Beispiele, konkrete Übungen und praxisnahe Hinweise aus langjähriger Erfahrung. Die Inhalte laden dazu ein, die Methode praktisch zu erproben und schrittweise in den eigenen pädagogischen Alltag zu integrieren.</p>

</div>
</div>
</div>
</div>
</div>
</div>
</section></div>

<div class="flex flex-col text-sm pb-25">
<section class="text-token-text-primary w-full focus:outline-none [--shadow-height:45px] has-data-writing-block:pointer-events-none has-data-writing-block:-mt-(--shadow-height) has-data-writing-block:pt-(--shadow-height) [&amp;:has([data-writing-block])&gt;*]:pointer-events-auto scroll-mt-[calc(var(--header-height)+min(200px,max(70px,20svh)))]" dir="auto" data-turn-id="request-WEB:56596cbf-e355-4342-9cc3-48f980c6cdfc-7" data-testid="conversation-turn-10" data-scroll-anchor="true" data-turn="assistant">
<div class="text-base my-auto mx-auto pb-10 [--thread-content-margin:var(--thread-content-margin-xs,calc(var(--spacing)*4))] @w-sm/main:[--thread-content-margin:var(--thread-content-margin-sm,calc(var(--spacing)*6))] @w-lg/main:[--thread-content-margin:var(--thread-content-margin-lg,calc(var(--spacing)*16))] px-(--thread-content-margin)">
<div class="[--thread-content-max-width:40rem] @w-lg/main:[--thread-content-max-width:48rem] mx-auto max-w-(--thread-content-max-width) flex-1 group/turn-messages focus-visible:outline-hidden relative flex w-full min-w-0 flex-col agent-turn">
<div class="flex max-w-full flex-col gap-4 grow">
<div class="min-h-8 text-message relative flex w-full flex-col items-end gap-2 text-start break-words whitespace-normal outline-none keyboard-focused:focus-ring [.text-message+&amp;]:mt-1" dir="auto" data-message-author-role="assistant" data-message-id="bb0fd189-b191-4f46-8dc5-b1a347078c16" data-message-model-slug="gpt-5-3" data-turn-start-message="true">
<div class="flex w-full flex-col gap-1 empty:hidden">
<div class="markdown prose dark:prose-invert w-full wrap-break-word light markdown-new-styling">
<p data-start="31" data-end="397">Das <a href="https://digital.hfh.ch/interview/chapter/das-flexible-oder-das-diagnostische-interview/">flexible Interview</a> ist eine Methode, mit der Denkprozesse von Kindern und Jugendlichen sichtbar gemacht werden. Dabei werden <a href="https://digital.hfh.ch/interview/front-matter/das-flexible-interview-zwischen-beobachten-befragen-experimentieren-und-testen/">Beobachtung, gezielte Fragen, gemeinsames Ausprobieren und Weiterdenken</a> miteinander verbunden. So wird erkennbar, wie Kinder und Jugendliche denken – nicht nur, ob eine Antwort richtig ist.</p>
<p data-start="605" data-end="830">Das flexible Interview erweitert den pädagogischen Handlungsspielraum. Es verschiebt den Fokus vom Abfragen von Ergebnissen hin zum Verstehen von Denkprozessen. Im Zentrum steht das Verstehen von Lernprozessen, insbesondere im mathematischen Denken. Die Methode macht individuelle Denkwege von Kindern und Jugendlichen sichtbar und eröffnet Möglichkeiten, daran gezielt anzuknüpfen.</p>
<p data-start="1073" data-end="1203" data-is-last-node="" data-is-only-node="">Diese Website zeigt, wie sich das flexible Interview im Unterricht und in der Förderung einsetzen lässt. Sie bietet erprobte Beispiele, konkrete Übungen und praxisnahe Hinweise aus langjähriger Erfahrung. Die Inhalte laden dazu ein, die Methode praktisch zu erproben und schrittweise in den eigenen pädagogischen Alltag zu integrieren.</p>
</div>
</div>
</div>
</div>
</div>
</div>
</section>
</div>

<p>Das flexible Interview ist eine Methode, mit der Denkprozesse von Kindern und Jugendlichen sichtbar gemacht werden. Dabei werden Beobachtung, gezielte Fragen, gemeinsames Ausprobieren und Weiterdenken miteinander verbunden. So wird erkennbar, wie Kinder und Jugendliche denken – nicht nur, ob eine Antwort richtig ist. Das flexible Interview erweitert den pädagogischen Handlungsspielraum. Es verschiebt den Fokus vom [&hellip;]</p>
