{"id":845,"date":"2024-08-08T13:45:33","date_gmt":"2024-08-08T11:45:33","guid":{"rendered":"https:\/\/digital.hfh.ch\/infopointlrs\/?post_type=chapter&#038;p=845"},"modified":"2024-09-12T08:35:43","modified_gmt":"2024-09-12T06:35:43","slug":"alles-kaputt-eine-geschichte-ueber-das-reparieren","status":"publish","type":"chapter","link":"https:\/\/digital.hfh.ch\/infopointlrs\/chapter\/alles-kaputt-eine-geschichte-ueber-das-reparieren\/","title":{"raw":"Alles kaputt?! Eine Geschichte \u00fcber das Reparieren","rendered":"Alles kaputt?! Eine Geschichte \u00fcber das Reparieren"},"content":{"raw":"Autor:innen: Claudia Schomaker, Larissa Arps (2022)\r\n<div class=\"textbox textbox--key-takeaways\"><header class=\"textbox__header\">\r\n<p class=\"textbox__title\">Altersempfehlung: ab 8 Jahren<\/p>\r\n\r\n<\/header>\r\n<div class=\"textbox__content\">\r\n<div class=\"textbox__content\"><span class=\"globals-md MarkdownStyled-sc-e1b28f7f-1 GvAYM\">Jule, Max, Yasin, Anna und Marie sind die F\u00fcchse. Sie besuchen zusammen die f\u00fcnfte Klasse. In ihrer Freizeit spielen sie gern Fu\u00dfball und Basketball und bauen Seifenkisten. Als sie f\u00fcr einen Ausflug am Wochenende ihre Ausr\u00fcstung \u00fcberpr\u00fcfen, m\u00fcssen sie feststellen, dass der Rei\u00dfverschluss vom Zelt nicht funktioniert. Was nun? Gelingt es den Kindern, das Zelt rechtzeitig zu reparieren? <\/span><\/div>\r\n<div class=\"textbox__content\"><span class=\"globals-md MarkdownStyled-sc-e1b28f7f-1 GvAYM\">\u00dcber integrierte QR-Codes kann die Geschichte um Filme und Tutorials erg\u00e4nzt werden. Die Geschichte wird in einer App fortgesetzt, die den Kindern zeigt, wie die Thematik \"Reparieren\" von Wissenschaftlerinnen und Wissenschaftlern am Produktions-technischen Zentrum Hannover erforscht wird. In Interviews und Videodokumentationen k\u00f6nnen die Kinder die Arbeitsweise der Forscherinnen und Forscher erkunden.<\/span><\/div>\r\n<img class=\"wp-image-855 size-full aligncenter\" src=\"https:\/\/digital.hfh.ch\/infopointlrs\/wp-content\/uploads\/sites\/64\/2024\/08\/Bildschirmfoto-2024-08-08-um-13.46.43.png\" alt=\"\" width=\"258\" height=\"261\" \/>\r\n\r\n<\/div>\r\n<\/div>\r\n<h2><span style=\"color: #14776c\">Geeignet, um folgende Strukturen zu \u00fcben:<\/span><\/h2>\r\n<ul>\r\n \t<li>\r\n<h6>Konditionals\u00e4tze<\/h6>\r\n<\/li>\r\n<\/ul>\r\n<h3>Beispiel<\/h3>\r\n<span class=\"globals-md MarkdownStyled-sc-e1b28f7f-1 GvAYM\">\"<em>Wenn meine Mama Zeit hat, kann sie den Reissverschluss bestimmt reparieren<\/em>.\"<\/span>\r\n\r\n&nbsp;","rendered":"<p>Autor:innen: Claudia Schomaker, Larissa Arps (2022)<\/p>\n<div class=\"textbox textbox--key-takeaways\">\n<header class=\"textbox__header\">\n<p class=\"textbox__title\">Altersempfehlung: ab 8 Jahren<\/p>\n<\/header>\n<div class=\"textbox__content\">\n<div class=\"textbox__content\"><span class=\"globals-md MarkdownStyled-sc-e1b28f7f-1 GvAYM\">Jule, Max, Yasin, Anna und Marie sind die F\u00fcchse. Sie besuchen zusammen die f\u00fcnfte Klasse. In ihrer Freizeit spielen sie gern Fu\u00dfball und Basketball und bauen Seifenkisten. Als sie f\u00fcr einen Ausflug am Wochenende ihre Ausr\u00fcstung \u00fcberpr\u00fcfen, m\u00fcssen sie feststellen, dass der Rei\u00dfverschluss vom Zelt nicht funktioniert. Was nun? Gelingt es den Kindern, das Zelt rechtzeitig zu reparieren? <\/span><\/div>\n<div class=\"textbox__content\"><span class=\"globals-md MarkdownStyled-sc-e1b28f7f-1 GvAYM\">\u00dcber integrierte QR-Codes kann die Geschichte um Filme und Tutorials erg\u00e4nzt werden. Die Geschichte wird in einer App fortgesetzt, die den Kindern zeigt, wie die Thematik &#8222;Reparieren&#8220; von Wissenschaftlerinnen und Wissenschaftlern am Produktions-technischen Zentrum Hannover erforscht wird. In Interviews und Videodokumentationen k\u00f6nnen die Kinder die Arbeitsweise der Forscherinnen und Forscher erkunden.<\/span><\/div>\n<p><img loading=\"lazy\" decoding=\"async\" class=\"wp-image-855 size-full aligncenter\" src=\"https:\/\/digital.hfh.ch\/infopointlrs\/wp-content\/uploads\/sites\/64\/2024\/08\/Bildschirmfoto-2024-08-08-um-13.46.43.png\" alt=\"\" width=\"258\" height=\"261\" srcset=\"https:\/\/digital.hfh.ch\/infopointlrs\/wp-content\/uploads\/sites\/64\/2024\/08\/Bildschirmfoto-2024-08-08-um-13.46.43.png 258w, https:\/\/digital.hfh.ch\/infopointlrs\/wp-content\/uploads\/sites\/64\/2024\/08\/Bildschirmfoto-2024-08-08-um-13.46.43-65x66.png 65w, https:\/\/digital.hfh.ch\/infopointlrs\/wp-content\/uploads\/sites\/64\/2024\/08\/Bildschirmfoto-2024-08-08-um-13.46.43-225x228.png 225w\" sizes=\"auto, (max-width: 258px) 100vw, 258px\" \/><\/p>\n<\/div>\n<\/div>\n<h2><span style=\"color: #14776c\">Geeignet, um folgende Strukturen zu \u00fcben:<\/span><\/h2>\n<ul>\n<li>\n<h6>Konditionals\u00e4tze<\/h6>\n<\/li>\n<\/ul>\n<h3>Beispiel<\/h3>\n<p><span class=\"globals-md MarkdownStyled-sc-e1b28f7f-1 GvAYM\">&#8222;<em>Wenn meine Mama Zeit hat, kann sie den Reissverschluss bestimmt reparieren<\/em>.&#8220;<\/span><\/p>\n<p>&nbsp;<\/p>\n","protected":false},"excerpt":{"rendered":"<p>Autor:innen: Claudia Schomaker, Larissa Arps (2022) Altersempfehlung: ab 8 Jahren Jule, Max, Yasin, Anna und Marie sind die F\u00fcchse. Sie besuchen zusammen die f\u00fcnfte Klasse. In ihrer Freizeit spielen sie gern Fu\u00dfball und Basketball und bauen Seifenkisten. Als sie f\u00fcr einen Ausflug am Wochenende ihre Ausr\u00fcstung \u00fcberpr\u00fcfen, m\u00fcssen sie feststellen, dass der Rei\u00dfverschluss vom Zelt [&hellip;]<\/p>\n","protected":false},"author":1578,"menu_order":37,"template":"","meta":{"pb_show_title":"on","pb_short_title":"","pb_subtitle":"","pb_authors":[],"pb_section_license":""},"categories":[68,72,82,67,81],"chapter-type":[],"contributor":[],"license":[],"class_list":["post-845","chapter","type-chapter","status-publish","hentry","category-bilderbuch","category-01-grammatische-zielstrukturen","category-konditionalsaetze","category-00-medium","category-verbendstellung-im-nebensatz"],"part":198,"_links":{"self":[{"href":"https:\/\/digital.hfh.ch\/infopointlrs\/wp-json\/pressbooks\/v2\/chapters\/845","targetHints":{"allow":["GET"]}}],"collection":[{"href":"https:\/\/digital.hfh.ch\/infopointlrs\/wp-json\/pressbooks\/v2\/chapters"}],"about":[{"href":"https:\/\/digital.hfh.ch\/infopointlrs\/wp-json\/wp\/v2\/types\/chapter"}],"author":[{"embeddable":true,"href":"https:\/\/digital.hfh.ch\/infopointlrs\/wp-json\/wp\/v2\/users\/1578"}],"version-history":[{"count":10,"href":"https:\/\/digital.hfh.ch\/infopointlrs\/wp-json\/pressbooks\/v2\/chapters\/845\/revisions"}],"predecessor-version":[{"id":1264,"href":"https:\/\/digital.hfh.ch\/infopointlrs\/wp-json\/pressbooks\/v2\/chapters\/845\/revisions\/1264"}],"part":[{"href":"https:\/\/digital.hfh.ch\/infopointlrs\/wp-json\/pressbooks\/v2\/parts\/198"}],"metadata":[{"href":"https:\/\/digital.hfh.ch\/infopointlrs\/wp-json\/pressbooks\/v2\/chapters\/845\/metadata\/"}],"wp:attachment":[{"href":"https:\/\/digital.hfh.ch\/infopointlrs\/wp-json\/wp\/v2\/media?parent=845"}],"wp:term":[{"taxonomy":"category","embeddable":true,"href":"https:\/\/digital.hfh.ch\/infopointlrs\/wp-json\/wp\/v2\/categories?post=845"},{"taxonomy":"chapter-type","embeddable":true,"href":"https:\/\/digital.hfh.ch\/infopointlrs\/wp-json\/pressbooks\/v2\/chapter-type?post=845"},{"taxonomy":"contributor","embeddable":true,"href":"https:\/\/digital.hfh.ch\/infopointlrs\/wp-json\/wp\/v2\/contributor?post=845"},{"taxonomy":"license","embeddable":true,"href":"https:\/\/digital.hfh.ch\/infopointlrs\/wp-json\/wp\/v2\/license?post=845"}],"curies":[{"name":"wp","href":"https:\/\/api.w.org\/{rel}","templated":true}]}}

Alles kaputt?! Eine Geschichte über das Reparieren

Autor:innen: Claudia Schomaker, Larissa Arps (2022)
<div class="textbox textbox--key-takeaways"><header class="textbox__header">
<p class="textbox__title">Altersempfehlung: ab 8 Jahren</p>

</header>
<div class="textbox__content">
<div class="textbox__content"><span class="globals-md MarkdownStyled-sc-e1b28f7f-1 GvAYM">Jule, Max, Yasin, Anna und Marie sind die Füchse. Sie besuchen zusammen die fünfte Klasse. In ihrer Freizeit spielen sie gern Fußball und Basketball und bauen Seifenkisten. Als sie für einen Ausflug am Wochenende ihre Ausrüstung überprüfen, müssen sie feststellen, dass der Reißverschluss vom Zelt nicht funktioniert. Was nun? Gelingt es den Kindern, das Zelt rechtzeitig zu reparieren? </span></div>
<div class="textbox__content"><span class="globals-md MarkdownStyled-sc-e1b28f7f-1 GvAYM">Über integrierte QR-Codes kann die Geschichte um Filme und Tutorials ergänzt werden. Die Geschichte wird in einer App fortgesetzt, die den Kindern zeigt, wie die Thematik "Reparieren" von Wissenschaftlerinnen und Wissenschaftlern am Produktions-technischen Zentrum Hannover erforscht wird. In Interviews und Videodokumentationen können die Kinder die Arbeitsweise der Forscherinnen und Forscher erkunden.</span></div>
<img class="wp-image-855 size-full aligncenter" src="https://digital.hfh.ch/infopointlrs/wp-content/uploads/sites/64/2024/08/Bildschirmfoto-2024-08-08-um-13.46.43.png" alt="" width="258" height="261" />

</div>
</div>
<h2><span style="color: #14776c">Geeignet, um folgende Strukturen zu üben:</span></h2>
<ul>
 	<li>
<h6>Konditionalsätze</h6>
</li>
</ul>
<h3>Beispiel</h3>
<span class="globals-md MarkdownStyled-sc-e1b28f7f-1 GvAYM">"<em>Wenn meine Mama Zeit hat, kann sie den Reissverschluss bestimmt reparieren</em>."</span>

&nbsp;

<p>Autor:innen: Claudia Schomaker, Larissa Arps (2022)</p>
<div class="textbox textbox--key-takeaways">
<header class="textbox__header">
<p class="textbox__title">Altersempfehlung: ab 8 Jahren</p>
</header>
<div class="textbox__content">
<div class="textbox__content"><span class="globals-md MarkdownStyled-sc-e1b28f7f-1 GvAYM">Jule, Max, Yasin, Anna und Marie sind die Füchse. Sie besuchen zusammen die fünfte Klasse. In ihrer Freizeit spielen sie gern Fußball und Basketball und bauen Seifenkisten. Als sie für einen Ausflug am Wochenende ihre Ausrüstung überprüfen, müssen sie feststellen, dass der Reißverschluss vom Zelt nicht funktioniert. Was nun? Gelingt es den Kindern, das Zelt rechtzeitig zu reparieren? </span></div>
<div class="textbox__content"><span class="globals-md MarkdownStyled-sc-e1b28f7f-1 GvAYM">Über integrierte QR-Codes kann die Geschichte um Filme und Tutorials ergänzt werden. Die Geschichte wird in einer App fortgesetzt, die den Kindern zeigt, wie die Thematik &#8222;Reparieren&#8220; von Wissenschaftlerinnen und Wissenschaftlern am Produktions-technischen Zentrum Hannover erforscht wird. In Interviews und Videodokumentationen können die Kinder die Arbeitsweise der Forscherinnen und Forscher erkunden.</span></div>
<p><img loading="lazy" decoding="async" class="wp-image-855 size-full aligncenter" src="https://digital.hfh.ch/infopointlrs/wp-content/uploads/sites/64/2024/08/Bildschirmfoto-2024-08-08-um-13.46.43.png" alt="" width="258" height="261" srcset="https://digital.hfh.ch/infopointlrs/wp-content/uploads/sites/64/2024/08/Bildschirmfoto-2024-08-08-um-13.46.43.png 258w, https://digital.hfh.ch/infopointlrs/wp-content/uploads/sites/64/2024/08/Bildschirmfoto-2024-08-08-um-13.46.43-65x66.png 65w, https://digital.hfh.ch/infopointlrs/wp-content/uploads/sites/64/2024/08/Bildschirmfoto-2024-08-08-um-13.46.43-225x228.png 225w" sizes="auto, (max-width: 258px) 100vw, 258px" /></p>
</div>
</div>
<h2><span style="color: #14776c">Geeignet, um folgende Strukturen zu üben:</span></h2>
<ul>
<li>
<h6>Konditionalsätze</h6>
</li>
</ul>
<h3>Beispiel</h3>
<p><span class="globals-md MarkdownStyled-sc-e1b28f7f-1 GvAYM">&#8222;<em>Wenn meine Mama Zeit hat, kann sie den Reissverschluss bestimmt reparieren</em>.&#8220;</span></p>
<p>&nbsp;</p>

<p>Autor:innen: Claudia Schomaker, Larissa Arps (2022) Altersempfehlung: ab 8 Jahren Jule, Max, Yasin, Anna und Marie sind die Füchse. Sie besuchen zusammen die fünfte Klasse. In ihrer Freizeit spielen sie gern Fußball und Basketball und bauen Seifenkisten. Als sie für einen Ausflug am Wochenende ihre Ausrüstung überprüfen, müssen sie feststellen, dass der Reißverschluss vom Zelt [&hellip;]</p>
