{"id":565,"date":"2024-08-08T07:12:25","date_gmt":"2024-08-08T05:12:25","guid":{"rendered":"https:\/\/digital.hfh.ch\/infopointlrs\/?post_type=chapter&#038;p=565"},"modified":"2024-09-12T08:34:55","modified_gmt":"2024-09-12T06:34:55","slug":"mama-muh-braucht-ein-pflaster","status":"publish","type":"chapter","link":"https:\/\/digital.hfh.ch\/infopointlrs\/chapter\/mama-muh-braucht-ein-pflaster\/","title":{"raw":"Mama Muh braucht ein Pflaster","rendered":"Mama Muh braucht ein Pflaster"},"content":{"raw":"Autorin: Jujja Wieslander (2006)\r\n<div class=\"textbox textbox--key-takeaways\"><header class=\"textbox__header\">\r\n<p class=\"textbox__title\">Altersempfehlung: ab 4-6 Jahren<\/p>\r\n\r\n<\/header>\r\n<div class=\"textbox__content\">\r\n\r\nIn \"Mama Muh braucht ein Pflaster\" erlebt die liebenswerte und abenteuerlustige Kuh Mama Muh ein kleines Missgeschick, das ihr eine schmerzhafte Beule und die Notwendigkeit eines Pflasters beschert. Gl\u00fccklicherweise ist der Bauer zur Stelle und <em class=\"element-background-basic-colors marker\" data-color=\"gelb-light\">versorgt<\/em> sie mit einem extra grossen Pflaster. Doch damit nicht genug: Um die Beule an ihrem Kopf zu k\u00fchlen, begibt sich die Kr\u00e4he auf eine Mission, um Eis zu besorgen. Diese Mission endet allerdings nicht wie geplant \u2013 stattdessen kehrt die Kr\u00e4he mit schrecklichen Bauchschmerzen zur\u00fcck. Die humorvolle und mitf\u00fchlende Geschichte zeigt einmal mehr die tiefe Freundschaft zwischen Mama Muh und der Kr\u00e4he, die trotz aller Unterschiede und Missgeschicke zusammenhalten und f\u00fcreinander da sind.\r\n<img class=\"wp-image-735 size-medium aligncenter\" src=\"https:\/\/digital.hfh.ch\/infopointlrs\/wp-content\/uploads\/sites\/64\/2024\/08\/Bildschirmfoto-2024-08-08-um-10.44.20-223x300.png\" alt=\"\" width=\"223\" height=\"300\" \/>\r\n\r\n<\/div>\r\n<\/div>\r\n<h2><span style=\"color: #14776c\">Geeignet, um folgende Strukturen zu \u00fcben:<\/span><\/h2>\r\n<ul>\r\n \t<li>\r\n<h6>[pb_glossary id=\"645\"]Subjekt-Verbkongruenz[\/pb_glossary]<\/h6>\r\n<\/li>\r\n \t<li>\r\n<h6>[pb_glossary id=\"653\"]Verbzweitstellung[\/pb_glossary]<\/h6>\r\n<\/li>\r\n<\/ul>\r\n&nbsp;","rendered":"<p>Autorin: Jujja Wieslander (2006)<\/p>\n<div class=\"textbox textbox--key-takeaways\">\n<header class=\"textbox__header\">\n<p class=\"textbox__title\">Altersempfehlung: ab 4-6 Jahren<\/p>\n<\/header>\n<div class=\"textbox__content\">\n<p>In &#8222;Mama Muh braucht ein Pflaster&#8220; erlebt die liebenswerte und abenteuerlustige Kuh Mama Muh ein kleines Missgeschick, das ihr eine schmerzhafte Beule und die Notwendigkeit eines Pflasters beschert. Gl\u00fccklicherweise ist der Bauer zur Stelle und <em class=\"element-background-basic-colors marker\" data-color=\"gelb-light\">versorgt<\/em> sie mit einem extra grossen Pflaster. Doch damit nicht genug: Um die Beule an ihrem Kopf zu k\u00fchlen, begibt sich die Kr\u00e4he auf eine Mission, um Eis zu besorgen. Diese Mission endet allerdings nicht wie geplant \u2013 stattdessen kehrt die Kr\u00e4he mit schrecklichen Bauchschmerzen zur\u00fcck. Die humorvolle und mitf\u00fchlende Geschichte zeigt einmal mehr die tiefe Freundschaft zwischen Mama Muh und der Kr\u00e4he, die trotz aller Unterschiede und Missgeschicke zusammenhalten und f\u00fcreinander da sind.<br \/>\n<img loading=\"lazy\" decoding=\"async\" class=\"wp-image-735 size-medium aligncenter\" src=\"https:\/\/digital.hfh.ch\/infopointlrs\/wp-content\/uploads\/sites\/64\/2024\/08\/Bildschirmfoto-2024-08-08-um-10.44.20-223x300.png\" alt=\"\" width=\"223\" height=\"300\" srcset=\"https:\/\/digital.hfh.ch\/infopointlrs\/wp-content\/uploads\/sites\/64\/2024\/08\/Bildschirmfoto-2024-08-08-um-10.44.20-223x300.png 223w, https:\/\/digital.hfh.ch\/infopointlrs\/wp-content\/uploads\/sites\/64\/2024\/08\/Bildschirmfoto-2024-08-08-um-10.44.20-65x87.png 65w, https:\/\/digital.hfh.ch\/infopointlrs\/wp-content\/uploads\/sites\/64\/2024\/08\/Bildschirmfoto-2024-08-08-um-10.44.20-225x302.png 225w, https:\/\/digital.hfh.ch\/infopointlrs\/wp-content\/uploads\/sites\/64\/2024\/08\/Bildschirmfoto-2024-08-08-um-10.44.20.png 282w\" sizes=\"auto, (max-width: 223px) 100vw, 223px\" \/><\/p>\n<\/div>\n<\/div>\n<h2><span style=\"color: #14776c\">Geeignet, um folgende Strukturen zu \u00fcben:<\/span><\/h2>\n<ul>\n<li>\n<h6><a class=\"glossary-term\" aria-haspopup=\"dialog\" aria-describedby=\"definition\" href=\"#term_565_645\">Subjekt-Verbkongruenz<\/a><\/h6>\n<\/li>\n<li>\n<h6><a class=\"glossary-term\" aria-haspopup=\"dialog\" aria-describedby=\"definition\" href=\"#term_565_653\">Verbzweitstellung<\/a><\/h6>\n<\/li>\n<\/ul>\n<p>&nbsp;<\/p>\n<div class=\"glossary\"><span class=\"screen-reader-text\" id=\"definition\">definition<\/span><template id=\"term_565_645\"><div class=\"glossary__definition\" role=\"dialog\" data-id=\"term_565_645\"><div tabindex=\"-1\"><p>Damit ist die Anpassung des Verbs an das Subjekt gemeint: <em>Er renn<strong>t<\/strong>. Du renn<strong>st<\/strong><\/em>. Am Anfang der grammatischen Entwicklung brauchen die Kinder diese Anpassung noch nicht und verwenden z. B. nur die Grundform (R<em>ennen<\/em>).<\/p>\n<\/div><button><span aria-hidden=\"true\">&times;<\/span><span class=\"screen-reader-text\">Close definition<\/span><\/button><\/div><\/template><template id=\"term_565_653\"><div class=\"glossary__definition\" role=\"dialog\" data-id=\"term_565_653\"><div tabindex=\"-1\"><p>In Bezug auf die Anordnung der W\u00f6rter bzw. Satzglieder erlaubt die deutsche Sprache verschiedene Wortstellungen, die in der Grammatik je nach Stellung des flektierten Verbs wie folgt beschrieben werden:<\/p>\n<p>Verb-Erststellung (V1), z. B. in Entscheidungsfrages\u00e4tzen: <strong>Kommst<\/strong> du?<br \/>\n<strong>Verb-Zweitstellung (V2)<\/strong> in Hauptsatz-Aussages\u00e4tzen: Ich <strong>bin<\/strong> m\u00fcde. Er <strong>ist<\/strong> auch m\u00fcde. Sie <strong>kommt<\/strong> gerne.<br \/>\nVerb-Endstellung (VE) in Nebens\u00e4tzen: Ich komme nicht, weil ich m\u00fcde <strong>bin<\/strong>.<\/p>\n<\/div><button><span aria-hidden=\"true\">&times;<\/span><span class=\"screen-reader-text\">Close definition<\/span><\/button><\/div><\/template><\/div>","protected":false},"excerpt":{"rendered":"<p>Autorin: Jujja Wieslander (2006) Altersempfehlung: ab 4-6 Jahren In &#8222;Mama Muh braucht ein Pflaster&#8220; erlebt die liebenswerte und abenteuerlustige Kuh Mama Muh ein kleines Missgeschick, das ihr eine schmerzhafte Beule und die Notwendigkeit eines Pflasters beschert. Gl\u00fccklicherweise ist der Bauer zur Stelle und versorgt sie mit einem extra grossen Pflaster. Doch damit nicht genug: Um [&hellip;]<\/p>\n","protected":false},"author":1578,"menu_order":26,"template":"","meta":{"pb_show_title":"on","pb_short_title":"","pb_subtitle":"","pb_authors":[],"pb_section_license":""},"categories":[68,73,72,67],"chapter-type":[],"contributor":[],"license":[],"class_list":["post-565","chapter","type-chapter","status-publish","hentry","category-bilderbuch","category-01-einfacher-satzbau","category-01-grammatische-zielstrukturen","category-00-medium"],"part":198,"_links":{"self":[{"href":"https:\/\/digital.hfh.ch\/infopointlrs\/wp-json\/pressbooks\/v2\/chapters\/565","targetHints":{"allow":["GET"]}}],"collection":[{"href":"https:\/\/digital.hfh.ch\/infopointlrs\/wp-json\/pressbooks\/v2\/chapters"}],"about":[{"href":"https:\/\/digital.hfh.ch\/infopointlrs\/wp-json\/wp\/v2\/types\/chapter"}],"author":[{"embeddable":true,"href":"https:\/\/digital.hfh.ch\/infopointlrs\/wp-json\/wp\/v2\/users\/1578"}],"version-history":[{"count":10,"href":"https:\/\/digital.hfh.ch\/infopointlrs\/wp-json\/pressbooks\/v2\/chapters\/565\/revisions"}],"predecessor-version":[{"id":1252,"href":"https:\/\/digital.hfh.ch\/infopointlrs\/wp-json\/pressbooks\/v2\/chapters\/565\/revisions\/1252"}],"part":[{"href":"https:\/\/digital.hfh.ch\/infopointlrs\/wp-json\/pressbooks\/v2\/parts\/198"}],"metadata":[{"href":"https:\/\/digital.hfh.ch\/infopointlrs\/wp-json\/pressbooks\/v2\/chapters\/565\/metadata\/"}],"wp:attachment":[{"href":"https:\/\/digital.hfh.ch\/infopointlrs\/wp-json\/wp\/v2\/media?parent=565"}],"wp:term":[{"taxonomy":"category","embeddable":true,"href":"https:\/\/digital.hfh.ch\/infopointlrs\/wp-json\/wp\/v2\/categories?post=565"},{"taxonomy":"chapter-type","embeddable":true,"href":"https:\/\/digital.hfh.ch\/infopointlrs\/wp-json\/pressbooks\/v2\/chapter-type?post=565"},{"taxonomy":"contributor","embeddable":true,"href":"https:\/\/digital.hfh.ch\/infopointlrs\/wp-json\/wp\/v2\/contributor?post=565"},{"taxonomy":"license","embeddable":true,"href":"https:\/\/digital.hfh.ch\/infopointlrs\/wp-json\/wp\/v2\/license?post=565"}],"curies":[{"name":"wp","href":"https:\/\/api.w.org\/{rel}","templated":true}]}}

Autorin: Jujja Wieslander (2006)
<div class="textbox textbox--key-takeaways"><header class="textbox__header">
<p class="textbox__title">Altersempfehlung: ab 4-6 Jahren</p>

</header>
<div class="textbox__content">

In "Mama Muh braucht ein Pflaster" erlebt die liebenswerte und abenteuerlustige Kuh Mama Muh ein kleines Missgeschick, das ihr eine schmerzhafte Beule und die Notwendigkeit eines Pflasters beschert. Glücklicherweise ist der Bauer zur Stelle und <em class="element-background-basic-colors marker" data-color="gelb-light">versorgt</em> sie mit einem extra grossen Pflaster. Doch damit nicht genug: Um die Beule an ihrem Kopf zu kühlen, begibt sich die Krähe auf eine Mission, um Eis zu besorgen. Diese Mission endet allerdings nicht wie geplant – stattdessen kehrt die Krähe mit schrecklichen Bauchschmerzen zurück. Die humorvolle und mitfühlende Geschichte zeigt einmal mehr die tiefe Freundschaft zwischen Mama Muh und der Krähe, die trotz aller Unterschiede und Missgeschicke zusammenhalten und füreinander da sind.
<img class="wp-image-735 size-medium aligncenter" src="https://digital.hfh.ch/infopointlrs/wp-content/uploads/sites/64/2024/08/Bildschirmfoto-2024-08-08-um-10.44.20-223x300.png" alt="" width="223" height="300" />

</div>
</div>
<h2><span style="color: #14776c">Geeignet, um folgende Strukturen zu üben:</span></h2>
<ul>
 	<li>
<h6>[pb_glossary id="645"]Subjekt-Verbkongruenz[/pb_glossary]</h6>
</li>
 	<li>
<h6>[pb_glossary id="653"]Verbzweitstellung[/pb_glossary]</h6>
</li>
</ul>
&nbsp;

<p>Autorin: Jujja Wieslander (2006)</p>
<div class="textbox textbox--key-takeaways">
<header class="textbox__header">
<p class="textbox__title">Altersempfehlung: ab 4-6 Jahren</p>
</header>
<div class="textbox__content">
<p>In &#8222;Mama Muh braucht ein Pflaster&#8220; erlebt die liebenswerte und abenteuerlustige Kuh Mama Muh ein kleines Missgeschick, das ihr eine schmerzhafte Beule und die Notwendigkeit eines Pflasters beschert. Glücklicherweise ist der Bauer zur Stelle und <em class="element-background-basic-colors marker" data-color="gelb-light">versorgt</em> sie mit einem extra grossen Pflaster. Doch damit nicht genug: Um die Beule an ihrem Kopf zu kühlen, begibt sich die Krähe auf eine Mission, um Eis zu besorgen. Diese Mission endet allerdings nicht wie geplant – stattdessen kehrt die Krähe mit schrecklichen Bauchschmerzen zurück. Die humorvolle und mitfühlende Geschichte zeigt einmal mehr die tiefe Freundschaft zwischen Mama Muh und der Krähe, die trotz aller Unterschiede und Missgeschicke zusammenhalten und füreinander da sind.<br />
<img loading="lazy" decoding="async" class="wp-image-735 size-medium aligncenter" src="https://digital.hfh.ch/infopointlrs/wp-content/uploads/sites/64/2024/08/Bildschirmfoto-2024-08-08-um-10.44.20-223x300.png" alt="" width="223" height="300" srcset="https://digital.hfh.ch/infopointlrs/wp-content/uploads/sites/64/2024/08/Bildschirmfoto-2024-08-08-um-10.44.20-223x300.png 223w, https://digital.hfh.ch/infopointlrs/wp-content/uploads/sites/64/2024/08/Bildschirmfoto-2024-08-08-um-10.44.20-65x87.png 65w, https://digital.hfh.ch/infopointlrs/wp-content/uploads/sites/64/2024/08/Bildschirmfoto-2024-08-08-um-10.44.20-225x302.png 225w, https://digital.hfh.ch/infopointlrs/wp-content/uploads/sites/64/2024/08/Bildschirmfoto-2024-08-08-um-10.44.20.png 282w" sizes="auto, (max-width: 223px) 100vw, 223px" /></p>
</div>
</div>
<h2><span style="color: #14776c">Geeignet, um folgende Strukturen zu üben:</span></h2>
<ul>
<li>
<h6><a class="glossary-term" aria-haspopup="dialog" aria-describedby="definition" href="#term_565_645">Subjekt-Verbkongruenz</a></h6>
</li>
<li>
<h6><a class="glossary-term" aria-haspopup="dialog" aria-describedby="definition" href="#term_565_653">Verbzweitstellung</a></h6>
</li>
</ul>
<p>&nbsp;</p>
<div class="glossary"><span class="screen-reader-text" id="definition">definition</span><template id="term_565_645"><div class="glossary__definition" role="dialog" data-id="term_565_645"><div tabindex="-1"><p>Damit ist die Anpassung des Verbs an das Subjekt gemeint: <em>Er renn<strong>t</strong>. Du renn<strong>st</strong></em>. Am Anfang der grammatischen Entwicklung brauchen die Kinder diese Anpassung noch nicht und verwenden z. B. nur die Grundform (R<em>ennen</em>).</p>
</div><button><span aria-hidden="true">&times;</span><span class="screen-reader-text">Close definition</span></button></div></template><template id="term_565_653"><div class="glossary__definition" role="dialog" data-id="term_565_653"><div tabindex="-1"><p>In Bezug auf die Anordnung der Wörter bzw. Satzglieder erlaubt die deutsche Sprache verschiedene Wortstellungen, die in der Grammatik je nach Stellung des flektierten Verbs wie folgt beschrieben werden:</p>
<p>Verb-Erststellung (V1), z. B. in Entscheidungsfragesätzen: <strong>Kommst</strong> du?<br />
<strong>Verb-Zweitstellung (V2)</strong> in Hauptsatz-Aussagesätzen: Ich <strong>bin</strong> müde. Er <strong>ist</strong> auch müde. Sie <strong>kommt</strong> gerne.<br />
Verb-Endstellung (VE) in Nebensätzen: Ich komme nicht, weil ich müde <strong>bin</strong>.</p>
</div><button><span aria-hidden="true">&times;</span><span class="screen-reader-text">Close definition</span></button></div></template></div>

<p>Autorin: Jujja Wieslander (2006) Altersempfehlung: ab 4-6 Jahren In &#8222;Mama Muh braucht ein Pflaster&#8220; erlebt die liebenswerte und abenteuerlustige Kuh Mama Muh ein kleines Missgeschick, das ihr eine schmerzhafte Beule und die Notwendigkeit eines Pflasters beschert. Glücklicherweise ist der Bauer zur Stelle und versorgt sie mit einem extra grossen Pflaster. Doch damit nicht genug: Um [&hellip;]</p>
